CRAN Package Check Results for Package Rsymphony

Last updated on 2024-02-21 18:51:16 CET.

Flavor Version Tinstall Tcheck Ttotal Status Flags
r-devel-linux-x86_64-debian-clang 0.1-33 OK
r-devel-linux-x86_64-debian-gcc 0.1-33 2.92 18.21 21.13 OK
r-devel-linux-x86_64-fedora-clang 0.1-33 37.85 NOTE
r-devel-linux-x86_64-fedora-gcc 0.1-33 35.56 OK
r-devel-windows-x86_64 0.1-33 17.00 96.00 113.00 NOTE
r-patched-linux-x86_64 0.1-33 4.05 23.12 27.17 OK
r-release-linux-x86_64 0.1-33 3.23 23.21 26.44 OK
r-release-macos-arm64 0.1-33 21.00 OK
r-release-macos-x86_64 0.1-33 26.00 OK
r-release-windows-x86_64 0.1-33 19.00 104.00 123.00 NOTE
r-oldrel-macos-arm64 0.1-33 20.00 OK
r-oldrel-windows-x86_64 0.1-33 11.00 82.00 93.00 OK

Check Details

Version: 0.1-33
Check: Rd cross-references
Result: NOTE Undeclared packages ‘lpSolve’, ‘Rglpk’ in Rd xrefs Flavor: r-devel-linux-x86_64-fedora-clang

Version: 0.1-33
Check: installed package size
Result: NOTE installed size is 5.8Mb sub-directories of 1Mb or more: libs 5.8Mb Flavors: r-devel-windows-x86_64, r-release-windows-x86_64