Last updated on 2023-06-05 20:57:50 CEST.
Flavor | Version | Tinstall | Tcheck | Ttotal | Status | Flags |
---|---|---|---|---|---|---|
r-devel-linux-x86_64-debian-clang | 1.5.3 | 241.33 | 233.20 | 474.53 | OK | |
r-devel-linux-x86_64-debian-gcc | 1.5.3 | 211.46 | 173.37 | 384.83 | OK | |
r-devel-linux-x86_64-fedora-clang | 1.5.3 | 593.44 | NOTE | |||
r-devel-linux-x86_64-fedora-gcc | 1.5.3 | 682.82 | OK | |||
r-devel-windows-x86_64 | 1.5.3 | 165.00 | 223.00 | 388.00 | NOTE | |
r-patched-linux-x86_64 | 1.5.3 | 199.86 | 224.09 | 423.95 | OK | |
r-release-linux-x86_64 | 1.5.3 | 158.99 | 224.05 | 383.04 | OK | |
r-release-macos-arm64 | 1.5.3 | 175.00 | NOTE | |||
r-release-macos-x86_64 | 1.5.2 | 253.00 | NOTE | |||
r-release-windows-x86_64 | 1.5.3 | 230.00 | 300.00 | 530.00 | NOTE | |
r-oldrel-macos-arm64 | 1.5.3 | 150.00 | NOTE | |||
r-oldrel-macos-x86_64 | 1.5.3 | 186.00 | NOTE | |||
r-oldrel-windows-x86_64 | 1.5.3 | 210.00 | 268.00 | 478.00 | NOTE |
Version: 1.5.3
Check: installed package size
Result: NOTE
installed size is 6.4Mb
sub-directories of 1Mb or more:
R 1.3Mb
libs 4.5Mb
Flavors: r-devel-linux-x86_64-fedora-clang, r-devel-windows-x86_64, r-release-macos-arm64, r-release-windows-x86_64, r-oldrel-macos-arm64, r-oldrel-macos-x86_64, r-oldrel-windows-x86_64
Version: 1.5.2
Check: package dependencies
Result: NOTE
Packages suggested but not available for checking: 'caret', 'tmbstan'
Flavor: r-release-macos-x86_64
Version: 1.5.2
Check: installed package size
Result: NOTE
installed size is 44.2Mb
sub-directories of 1Mb or more:
R 2.0Mb
libs 41.6Mb
Flavor: r-release-macos-x86_64