Last updated on 2023-12-05 18:49:39 CET.
Flavor | Version | Tinstall | Tcheck | Ttotal | Status | Flags |
---|---|---|---|---|---|---|
r-devel-linux-x86_64-debian-clang | 0.0.5 | 19.60 | 194.48 | 214.08 | NOTE | |
r-devel-linux-x86_64-debian-gcc | 0.0.5 | 18.40 | 142.53 | 160.93 | NOTE | |
r-devel-linux-x86_64-fedora-clang | 0.0.5 | 266.61 | NOTE | |||
r-devel-linux-x86_64-fedora-gcc | 0.0.5 | 249.65 | NOTE | |||
r-devel-windows-x86_64 | 0.0.5 | 21.00 | 140.00 | 161.00 | NOTE | |
r-patched-linux-x86_64 | 0.0.5 | 21.15 | 178.91 | 200.06 | NOTE | |
r-release-linux-x86_64 | 0.0.5 | 20.56 | 182.59 | 203.15 | NOTE | |
r-release-macos-arm64 | 0.0.5 | 72.00 | NOTE | |||
r-release-macos-x86_64 | 0.0.5 | 123.00 | NOTE | |||
r-release-windows-x86_64 | 0.0.5 | 27.00 | 184.00 | 211.00 | NOTE | |
r-oldrel-macos-arm64 | 0.0.5 | 66.00 | NOTE | |||
r-oldrel-macos-x86_64 | 0.0.5 | 121.00 | NOTE | |||
r-oldrel-windows-x86_64 | 0.0.5 | 26.00 | 181.00 | 207.00 | NOTE |
Version: 0.0.5
Check: LazyData
Result: NOTE
'LazyData' is specified without a 'data' directory
Flavors: r-devel-linux-x86_64-debian-clang, r-devel-linux-x86_64-debian-gcc, r-devel-linux-x86_64-fedora-clang, r-devel-linux-x86_64-fedora-gcc, r-devel-windows-x86_64, r-patched-linux-x86_64, r-release-linux-x86_64, r-release-macos-arm64, r-release-macos-x86_64, r-release-windows-x86_64, r-oldrel-macos-arm64, r-oldrel-macos-x86_64, r-oldrel-windows-x86_64