Last updated on 2023-12-04 18:52:31 CET.
Flavor | Version | Tinstall | Tcheck | Ttotal | Status | Flags |
---|---|---|---|---|---|---|
r-devel-linux-x86_64-debian-clang | 1.4-1 | 11.16 | 441.97 | 453.13 | NOTE | |
r-devel-linux-x86_64-debian-gcc | 1.4-1 | 8.81 | 321.82 | 330.63 | NOTE | |
r-devel-linux-x86_64-fedora-clang | 1.4-1 | 545.68 | OK | |||
r-devel-linux-x86_64-fedora-gcc | 1.4-1 | 554.06 | OK | |||
r-devel-windows-x86_64 | 1.4-1 | 11.00 | 304.00 | 315.00 | OK | |
r-patched-linux-x86_64 | 1.4-1 | 12.03 | 411.60 | 423.63 | OK | |
r-release-linux-x86_64 | 1.4-1 | 6.53 | 406.46 | 412.99 | OK | |
r-release-macos-arm64 | 1.4-1 | 127.00 | OK | |||
r-release-macos-x86_64 | 1.4-1 | 231.00 | OK | |||
r-release-windows-x86_64 | 1.4-1 | 13.00 | 404.00 | 417.00 | OK | |
r-oldrel-macos-arm64 | 1.4-1 | 164.00 | OK | |||
r-oldrel-macos-x86_64 | 1.4-1 | 341.00 | OK | |||
r-oldrel-windows-x86_64 | 1.4-1 | 14.00 | 395.00 | 409.00 | OK |
Version: 1.4-1
Check: Rd files
Result: NOTE
checkRd: (-1) superClass.Rd:92-93: Lost braces in \itemize; \value handles \item{}{} directly
checkRd: (-1) superClass.Rd:94: Lost braces in \itemize; \value handles \item{}{} directly
checkRd: (-1) superClass.Rd:95-96: Lost braces in \itemize; \value handles \item{}{} directly
checkRd: (-1) trainSOM.Rd:40: Lost braces in \itemize; \value handles \item{}{} directly
checkRd: (-1) trainSOM.Rd:41: Lost braces in \itemize; \value handles \item{}{} directly
checkRd: (-1) trainSOM.Rd:42-44: Lost braces in \itemize; \value handles \item{}{} directly
checkRd: (-1) trainSOM.Rd:45-47: Lost braces in \itemize; \value handles \item{}{} directly
checkRd: (-1) trainSOM.Rd:48: Lost braces in \itemize; \value handles \item{}{} directly
checkRd: (-1) trainSOM.Rd:49-50: Lost braces in \itemize; \value handles \item{}{} directly
Flavors: r-devel-linux-x86_64-debian-clang, r-devel-linux-x86_64-debian-gcc