CRAN Package Check Results for Package SPARSEMODr

Last updated on 2024-07-19 20:49:41 CEST.

Flavor Version Tinstall Tcheck Ttotal Status Flags
r-devel-linux-x86_64-debian-clang 1.2.0 30.43 594.68 625.11 OK
r-devel-linux-x86_64-debian-gcc 1.2.0 18.62 474.89 493.51 OK
r-devel-linux-x86_64-fedora-clang 1.2.0 814.31 NOTE
r-devel-linux-x86_64-fedora-gcc 1.2.0 903.66 NOTE
r-devel-windows-x86_64 1.2.0 25.00 658.00 683.00 NOTE
r-patched-linux-x86_64 1.2.0 26.05 645.91 671.96 OK
r-release-linux-x86_64 1.2.0 19.53 646.48 666.01 OK
r-release-macos-arm64 1.2.0 284.00 OK
r-release-macos-x86_64 1.2.0 426.00 OK
r-release-windows-x86_64 1.2.0 27.00 657.00 684.00 OK
r-oldrel-macos-arm64 1.2.0 350.00 OK
r-oldrel-macos-x86_64 1.2.0 502.00 OK
r-oldrel-windows-x86_64 1.2.0 35.00 722.00 757.00 OK

Check Details

Version: 1.2.0
Check: dependencies in R code
Result: NOTE Namespaces in Imports field not imported from: ‘future’ ‘geosphere’ ‘lubridate’ ‘tidyverse’ ‘viridis’ All declared Imports should be used. Flavors: r-devel-linux-x86_64-fedora-clang, r-devel-linux-x86_64-fedora-gcc

Version: 1.2.0
Check: Rd cross-references
Result: NOTE Found the following Rd file(s) with Rd \link{} targets missing package anchors: model_parallel.Rd: future_lapply Please provide package anchors for all Rd \link{} targets not in the package itself and the base packages. Flavor: r-devel-windows-x86_64