Last updated on 2023-12-05 18:49:39 CET.
Flavor | Version | Tinstall | Tcheck | Ttotal | Status | Flags |
---|---|---|---|---|---|---|
r-devel-linux-x86_64-debian-clang | 1.2.0 | 29.15 | 589.10 | 618.25 | OK | |
r-devel-linux-x86_64-debian-gcc | 1.2.0 | 22.49 | 473.14 | 495.63 | OK | |
r-devel-linux-x86_64-fedora-clang | 1.2.0 | 795.62 | NOTE | |||
r-devel-linux-x86_64-fedora-gcc | 1.2.0 | 890.12 | NOTE | |||
r-devel-windows-x86_64 | 1.2.0 | 28.00 | 656.00 | 684.00 | OK | |
r-patched-linux-x86_64 | 1.2.0 | 29.69 | 652.61 | 682.30 | OK | |
r-release-linux-x86_64 | 1.2.0 | 20.90 | 652.55 | 673.45 | OK | |
r-release-macos-arm64 | 1.2.0 | 350.00 | OK | |||
r-release-macos-x86_64 | 1.2.0 | 502.00 | OK | |||
r-release-windows-x86_64 | 1.2.0 | 34.00 | 721.00 | 755.00 | OK | |
r-oldrel-macos-arm64 | 1.2.0 | 292.00 | NOTE | |||
r-oldrel-macos-x86_64 | 1.2.0 | 337.00 | NOTE | |||
r-oldrel-windows-x86_64 | 1.2.0 | 31.00 | 718.00 | 749.00 | OK |
Version: 1.2.0
Check: dependencies in R code
Result: NOTE
Namespaces in Imports field not imported from:
‘future’ ‘geosphere’ ‘lubridate’ ‘tidyverse’ ‘viridis’
All declared Imports should be used.
Flavors: r-devel-linux-x86_64-fedora-clang, r-devel-linux-x86_64-fedora-gcc, r-oldrel-macos-arm64, r-oldrel-macos-x86_64