Last updated on 2023-12-07 18:49:41 CET.
Flavor | Version | Tinstall | Tcheck | Ttotal | Status | Flags |
---|---|---|---|---|---|---|
r-devel-linux-x86_64-debian-clang | 1.0.2 | 2.72 | 35.53 | 38.25 | OK | |
r-devel-linux-x86_64-debian-gcc | 1.0.2 | 2.25 | 27.97 | 30.22 | OK | |
r-devel-linux-x86_64-fedora-clang | 1.0.2 | 48.42 | OK | |||
r-devel-linux-x86_64-fedora-gcc | 1.0.2 | 46.53 | OK | |||
r-devel-windows-x86_64 | 1.0.2 | 4.00 | 62.00 | 66.00 | OK | |
r-patched-linux-x86_64 | 1.0.2 | 3.08 | 35.30 | 38.38 | OK | |
r-release-linux-x86_64 | 1.0.2 | 2.98 | 35.16 | 38.14 | OK | |
r-release-macos-arm64 | 1.0.2 | 20.00 | OK | |||
r-release-macos-x86_64 | 1.0.2 | 29.00 | NOTE | |||
r-release-windows-x86_64 | 1.0.2 | 5.00 | 57.00 | 62.00 | OK | |
r-oldrel-macos-arm64 | 1.0.2 | 21.00 | OK | |||
r-oldrel-macos-x86_64 | 1.0.2 | 29.00 | OK | |||
r-oldrel-windows-x86_64 | 1.0.2 | 4.00 | 58.00 | 62.00 | OK |
Version: 1.0.2
Check: package dependencies
Result: NOTE
Package suggested but not available for checking: ‘Ecdat’
Flavor: r-release-macos-x86_64