Last updated on 2023-12-08 18:55:49 CET.
Flavor | Version | Tinstall | Tcheck | Ttotal | Status | Flags |
---|---|---|---|---|---|---|
r-devel-linux-x86_64-debian-clang | 0.3.1 | 43.30 | 317.15 | 360.45 | NOTE | |
r-devel-linux-x86_64-debian-gcc | 0.3.1 | 33.86 | 229.29 | 263.15 | NOTE | |
r-devel-linux-x86_64-fedora-clang | 0.3.1 | 445.66 | NOTE | |||
r-devel-linux-x86_64-fedora-gcc | 0.3.1 | 438.06 | NOTE | |||
r-devel-windows-x86_64 | 0.3.1 | 33.00 | 218.00 | 251.00 | OK | |
r-patched-linux-x86_64 | 0.3.1 | 27.39 | 305.26 | 332.65 | NOTE | |
r-release-linux-x86_64 | 0.3.1 | 25.85 | 298.27 | 324.12 | NOTE | |
r-release-macos-arm64 | 0.3.1 | 126.00 | OK | |||
r-release-macos-x86_64 | 0.3.1 | 338.00 | OK | |||
r-release-windows-x86_64 | 0.3.1 | 40.00 | 264.00 | 304.00 | OK | |
r-oldrel-macos-arm64 | 0.3.1 | 8.00 | ERROR | |||
r-oldrel-macos-x86_64 | 0.3.1 | 403.00 | OK | |||
r-oldrel-windows-x86_64 | 0.3.1 | 42.00 | 257.00 | 299.00 | OK |
Version: 0.3.1
Check: for non-standard things in the check directory
Result: NOTE
Found the following files/directories:
‘assocpointpair_result.csv’ ‘foundereffectfinder_result.csv’
‘getfreqs_result.csv’ ‘getfreqs_result.png’ ‘orPlot.pdf1_1.pdf’
‘orPlot.pdf2_1.pdf’ ‘orPlot.pdf3_1.pdf’ ‘orPlot.pdf4_1.pdf’
‘orPlot.pdf5_1.pdf’ ‘orPlot.pdf6_1.pdf’ ‘orPlot.pdf7_1.pdf’
‘orPlot.pdf8_1.pdf’ ‘q-values_result.csv’ ‘rewritetuple_result.csv’
‘tartan_plot.pdf’ ‘vispair_plot.pdf’ ‘vispairfeat_plot.pdf’
‘volcano_plot.pdf’
Flavors: r-devel-linux-x86_64-debian-clang, r-devel-linux-x86_64-debian-gcc, r-devel-linux-x86_64-fedora-clang, r-devel-linux-x86_64-fedora-gcc, r-patched-linux-x86_64, r-release-linux-x86_64
Version: 0.3.1
Check: package dependencies
Result: ERROR
Package required but not available: ‘widgetTools’
See section ‘The DESCRIPTION file’ in the ‘Writing R Extensions’
manual.
Flavor: r-oldrel-macos-arm64