Last updated on 2023-12-05 18:49:38 CET.
Flavor | Version | Tinstall | Tcheck | Ttotal | Status | Flags |
---|---|---|---|---|---|---|
r-devel-linux-x86_64-debian-clang | 0.0.8 | 40.51 | 48.71 | 89.22 | OK | |
r-devel-linux-x86_64-debian-gcc | 0.0.8 | 23.82 | 36.80 | 60.62 | OK | |
r-devel-linux-x86_64-fedora-clang | 0.0.8 | 126.34 | OK | |||
r-devel-linux-x86_64-fedora-gcc | 0.0.8 | 128.97 | OK | |||
r-devel-windows-x86_64 | 0.0.8 | 35.00 | 84.00 | 119.00 | NOTE | |
r-patched-linux-x86_64 | 0.0.8 | 28.49 | 47.44 | 75.93 | OK | |
r-release-linux-x86_64 | 0.0.8 | 31.83 | 47.82 | 79.65 | OK | |
r-release-macos-arm64 | 0.0.8 | 43.00 | OK | |||
r-release-macos-x86_64 | 0.0.8 | 66.00 | OK | |||
r-release-windows-x86_64 | 0.0.8 | 43.00 | 92.00 | 135.00 | NOTE | |
r-oldrel-macos-arm64 | 0.0.8 | 37.00 | OK | |||
r-oldrel-macos-x86_64 | 0.0.8 | 47.00 | OK | |||
r-oldrel-windows-x86_64 | 0.0.8 | 39.00 | 96.00 | 135.00 | NOTE |
Version: 0.0.8
Check: package dependencies
Result: NOTE
Package suggested but not available for checking: 'doMC'
Flavors: r-devel-windows-x86_64, r-release-windows-x86_64, r-oldrel-windows-x86_64