Last updated on 2023-11-29 18:49:01 CET.
Flavor | Version | Tinstall | Tcheck | Ttotal | Status | Flags |
---|---|---|---|---|---|---|
r-devel-linux-x86_64-debian-clang | 0.2.0 | 2.49 | 29.00 | 31.49 | OK | |
r-devel-linux-x86_64-debian-gcc | 0.2.0 | 2.05 | 21.85 | 23.90 | OK | |
r-devel-linux-x86_64-fedora-clang | 0.2.0 | 39.74 | NOTE | |||
r-devel-linux-x86_64-fedora-gcc | 0.2.0 | 48.98 | NOTE | |||
r-devel-windows-x86_64 | 0.2.0 | 4.00 | 46.00 | 50.00 | OK | |
r-patched-linux-x86_64 | 0.2.0 | 2.50 | 27.48 | 29.98 | OK | |
r-release-linux-x86_64 | 0.2.0 | 1.56 | 28.01 | 29.57 | OK | |
r-release-macos-arm64 | 0.2.0 | 27.00 | OK | |||
r-release-macos-x86_64 | 0.2.0 | 38.00 | OK | |||
r-release-windows-x86_64 | 0.2.0 | 5.00 | 45.00 | 50.00 | OK | |
r-oldrel-macos-arm64 | 0.2.0 | 19.00 | NOTE | |||
r-oldrel-macos-x86_64 | 0.2.0 | 28.00 | NOTE | |||
r-oldrel-windows-x86_64 | 0.2.0 | 4.00 | 52.00 | 56.00 | OK |
Version: 0.2.0
Check: dependencies in R code
Result: NOTE
Namespaces in Imports field not imported from:
‘MASS’ ‘kableExtra’ ‘tidyverse’
All declared Imports should be used.
Flavors: r-devel-linux-x86_64-fedora-clang, r-devel-linux-x86_64-fedora-gcc, r-oldrel-macos-arm64, r-oldrel-macos-x86_64