CRAN Package Check Results for Package SharkDemography

Last updated on 2024-06-12 20:59:14 CEST.

Flavor Version Tinstall Tcheck Ttotal Status Flags
r-devel-linux-x86_64-debian-clang 1.1.0 8.28 66.76 75.04 OK
r-devel-linux-x86_64-debian-gcc 1.1.0 0.36 1.73 2.09 ERROR
r-devel-linux-x86_64-fedora-clang 1.1.0 96.63 OK
r-devel-linux-x86_64-fedora-gcc 1.1.0 90.48 OK
r-devel-windows-x86_64 1.1.0 9.00 68.00 77.00 OK
r-patched-linux-x86_64 1.1.0 7.62 65.09 72.71 OK
r-release-linux-x86_64 1.1.0 5.49 65.10 70.59 OK
r-release-macos-arm64 1.1.0 31.00 OK
r-release-macos-x86_64 1.1.0 44.00 OK
r-release-windows-x86_64 1.1.0 8.00 70.00 78.00 OK
r-oldrel-macos-arm64 1.1.0 35.00 OK
r-oldrel-macos-x86_64 1.1.0 114.00 OK
r-oldrel-windows-x86_64 1.1.0 11.00 79.00 90.00 OK

Check Details

Version: 1.1.0
Check: package dependencies
Result: ERROR Packages required but not available: 'dplyr', 'tidyr', 'readr' See section ‘The DESCRIPTION file’ in the ‘Writing R Extensions’ manual. Flavor: r-devel-linux-x86_64-debian-gcc