CRAN Package Check Results for Package SiPhyNetwork

Last updated on 2024-06-17 21:52:07 CEST.

Flavor Version Tinstall Tcheck Ttotal Status Flags
r-devel-linux-x86_64-debian-clang 1.1.0 22.18 92.29 114.47 NOTE
r-devel-linux-x86_64-debian-gcc 1.1.0 16.89 65.75 82.64 NOTE
r-devel-linux-x86_64-fedora-clang 1.1.0 152.38 NOTE
r-devel-linux-x86_64-fedora-gcc 1.1.0 157.17 NOTE
r-devel-windows-x86_64 1.1.0 23.00 94.00 117.00 NOTE
r-patched-linux-x86_64 1.1.0 22.51 85.41 107.92 NOTE
r-release-linux-x86_64 1.1.0 21.69 85.76 107.45 NOTE
r-release-macos-arm64 1.1.0 44.00 NOTE
r-release-macos-x86_64 1.1.0 64.00 NOTE
r-release-windows-x86_64 1.1.0 22.00 97.00 119.00 NOTE
r-oldrel-macos-arm64 1.1.0 51.00 OK
r-oldrel-macos-x86_64 1.1.0 88.00 OK
r-oldrel-windows-x86_64 1.1.0 28.00 120.00 148.00 OK

Check Details

Version: 1.1.0
Check: Rd files
Result: NOTE checkRd: (-1) sim.bdh.age.Rd:66: Lost braces in \itemize; meant \describe ? checkRd: (-1) sim.bdh.age.Rd:67: Lost braces in \itemize; meant \describe ? checkRd: (-1) sim.bdh.age.Rd:68: Lost braces in \itemize; meant \describe ? checkRd: (-1) sim.bdh.age.Rd:69: Lost braces in \itemize; meant \describe ? checkRd: (-1) sim.bdh.age.Rd:70: Lost braces in \itemize; meant \describe ? checkRd: (-1) sim.bdh.taxa.gsa.Rd:69: Lost braces in \itemize; meant \describe ? checkRd: (-1) sim.bdh.taxa.gsa.Rd:70: Lost braces in \itemize; meant \describe ? checkRd: (-1) sim.bdh.taxa.gsa.Rd:71: Lost braces in \itemize; meant \describe ? checkRd: (-1) sim.bdh.taxa.gsa.Rd:72: Lost braces in \itemize; meant \describe ? checkRd: (-1) sim.bdh.taxa.gsa.Rd:73: Lost braces in \itemize; meant \describe ? checkRd: (-1) sim.bdh.taxa.ssa.Rd:66: Lost braces in \itemize; meant \describe ? checkRd: (-1) sim.bdh.taxa.ssa.Rd:67: Lost braces in \itemize; meant \describe ? checkRd: (-1) sim.bdh.taxa.ssa.Rd:68: Lost braces in \itemize; meant \describe ? checkRd: (-1) sim.bdh.taxa.ssa.Rd:69: Lost braces in \itemize; meant \describe ? checkRd: (-1) sim.bdh.taxa.ssa.Rd:70: Lost braces in \itemize; meant \describe ? Flavors: r-devel-linux-x86_64-debian-clang, r-devel-linux-x86_64-debian-gcc, r-devel-linux-x86_64-fedora-clang, r-devel-linux-x86_64-fedora-gcc, r-devel-windows-x86_64, r-patched-linux-x86_64, r-release-linux-x86_64, r-release-macos-arm64, r-release-macos-x86_64, r-release-windows-x86_64