CRAN Package Check Results for Package SimHaz

Last updated on 2023-12-07 18:49:42 CET.

Flavor Version Tinstall Tcheck Ttotal Status Flags
r-devel-linux-x86_64-debian-clang 0.1 7.52 69.83 77.35 NOTE
r-devel-linux-x86_64-debian-gcc 0.1 6.91 53.91 60.82 NOTE
r-devel-linux-x86_64-fedora-clang 0.1 96.49 NOTE
r-devel-linux-x86_64-fedora-gcc 0.1 93.35 NOTE
r-devel-windows-x86_64 0.1 8.00 70.00 78.00 OK
r-patched-linux-x86_64 0.1 7.47 69.27 76.74 NOTE
r-release-linux-x86_64 0.1 8.28 68.61 76.89 NOTE
r-release-macos-arm64 0.1 35.00 OK
r-release-macos-x86_64 0.1 50.00 OK
r-release-windows-x86_64 0.1 9.00 80.00 89.00 OK
r-oldrel-macos-arm64 0.1 29.00 OK
r-oldrel-macos-x86_64 0.1 41.00 OK
r-oldrel-windows-x86_64 0.1 9.00 85.00 94.00 OK

Check Details

Version: 0.1
Check: for non-standard things in the check directory
Result: NOTE Found the following files/directories: ‘database.csv’ ‘output.csv’ ‘output_clst.csv’ Flavors: r-devel-linux-x86_64-debian-clang, r-devel-linux-x86_64-debian-gcc, r-devel-linux-x86_64-fedora-clang, r-devel-linux-x86_64-fedora-gcc, r-patched-linux-x86_64, r-release-linux-x86_64