Last updated on 2023-12-05 18:49:38 CET.
Flavor | Version | Tinstall | Tcheck | Ttotal | Status | Flags |
---|---|---|---|---|---|---|
r-devel-linux-x86_64-debian-clang | 0.3.9 | 75.08 | 41.73 | 116.81 | NOTE | |
r-devel-linux-x86_64-debian-gcc | 0.3.9 | 60.74 | 32.85 | 93.59 | NOTE | |
r-devel-linux-x86_64-fedora-clang | 0.3.9 | 180.63 | NOTE | |||
r-devel-linux-x86_64-fedora-gcc | 0.3.9 | 194.65 | NOTE | |||
r-devel-windows-x86_64 | 0.3.9 | 62.00 | 77.00 | 139.00 | NOTE | |
r-patched-linux-x86_64 | 0.3.9 | 70.84 | 40.99 | 111.83 | NOTE | |
r-release-linux-x86_64 | 0.3.9 | 76.22 | 40.84 | 117.06 | NOTE | |
r-release-macos-arm64 | 0.3.9 | 60.00 | NOTE | |||
r-release-macos-x86_64 | 0.3.9 | 101.00 | NOTE | |||
r-release-windows-x86_64 | 0.3.9 | 78.00 | 85.00 | 163.00 | NOTE | |
r-oldrel-macos-arm64 | 0.3.9 | 52.00 | NOTE | |||
r-oldrel-macos-x86_64 | 0.3.9 | 66.00 | NOTE | |||
r-oldrel-windows-x86_64 | 0.3.9 | 76.00 | 83.00 | 159.00 | NOTE |
Version: 0.3.9
Check: C++ specification
Result: NOTE
Specified C++11: please drop specification unless essential
Flavors: r-devel-linux-x86_64-debian-clang, r-devel-linux-x86_64-debian-gcc, r-devel-linux-x86_64-fedora-clang, r-devel-linux-x86_64-fedora-gcc, r-devel-windows-x86_64, r-patched-linux-x86_64, r-release-linux-x86_64, r-release-macos-arm64, r-release-macos-x86_64, r-release-windows-x86_64
Version: 0.3.9
Check: for GNU extensions in Makefiles
Result: NOTE
GNU make is a SystemRequirements.
Flavors: r-devel-linux-x86_64-debian-clang, r-devel-linux-x86_64-debian-gcc, r-devel-linux-x86_64-fedora-clang, r-devel-linux-x86_64-fedora-gcc, r-devel-windows-x86_64, r-patched-linux-x86_64, r-release-linux-x86_64, r-release-macos-arm64, r-release-macos-x86_64, r-release-windows-x86_64, r-oldrel-macos-arm64, r-oldrel-macos-x86_64, r-oldrel-windows-x86_64
Version: 0.3.9
Check: installed package size
Result: NOTE
installed size is 5.7Mb
sub-directories of 1Mb or more:
libs 5.3Mb
Flavors: r-release-macos-arm64, r-release-macos-x86_64, r-oldrel-macos-arm64, r-oldrel-macos-x86_64