CRAN Package Check Results for Package SmartEDA

Last updated on 2023-12-05 18:49:39 CET.

Flavor Version Tinstall Tcheck Ttotal Status Flags
r-devel-linux-x86_64-debian-clang 0.3.9 13.16 187.58 200.74 NOTE
r-devel-linux-x86_64-debian-gcc 0.3.9 8.05 137.25 145.30 NOTE
r-devel-linux-x86_64-fedora-clang 0.3.9 240.30 NOTE
r-devel-linux-x86_64-fedora-gcc 0.3.9 234.37 NOTE
r-devel-windows-x86_64 0.3.9 11.00 143.00 154.00 NOTE
r-patched-linux-x86_64 0.3.9 8.27 171.30 179.57 NOTE
r-release-linux-x86_64 0.3.9 8.58 174.12 182.70 NOTE
r-release-macos-arm64 0.3.9 80.00 NOTE
r-release-macos-x86_64 0.3.9 124.00 NOTE
r-release-windows-x86_64 0.3.9 14.00 179.00 193.00 NOTE
r-oldrel-macos-arm64 0.3.9 78.00 NOTE
r-oldrel-macos-x86_64 0.3.9 101.00 NOTE
r-oldrel-windows-x86_64 0.3.9 13.00 192.00 205.00 NOTE

Check Details

Version: 0.3.9
Check: Rd cross-references
Result: NOTE Unknown package ‘InformationValue’ in Rd xrefs Flavors: r-devel-linux-x86_64-debian-clang, r-devel-linux-x86_64-debian-gcc, r-devel-linux-x86_64-fedora-gcc, r-devel-windows-x86_64, r-patched-linux-x86_64, r-release-linux-x86_64, r-release-macos-arm64, r-release-macos-x86_64, r-release-windows-x86_64, r-oldrel-windows-x86_64

Version: 0.3.9
Check: dependencies in R code
Result: NOTE Namespace in Imports field not imported from: ‘qpdf’ All declared Imports should be used. Flavors: r-devel-linux-x86_64-fedora-clang, r-devel-linux-x86_64-fedora-gcc, r-oldrel-macos-arm64, r-oldrel-macos-x86_64

Version: 0.3.9
Check: Rd cross-references
Result: NOTE Undeclared packages ‘InformationValue’, ‘ggthemes’, ‘DataExplorer’ in Rd xrefs Unknown package ‘InformationValue’ in Rd xrefs Flavor: r-devel-linux-x86_64-fedora-clang