CRAN Package Check Results for Package SparseM

Last updated on 2024-02-20 18:49:35 CET.

Flavor Version Tinstall Tcheck Ttotal Status Flags
r-devel-linux-x86_64-debian-clang 1.81 NOTE
r-devel-linux-x86_64-debian-gcc 1.81 9.89 41.95 51.84 NOTE
r-devel-linux-x86_64-fedora-clang 1.81 91.45 OK
r-devel-linux-x86_64-fedora-gcc 1.81 97.67 OK
r-devel-windows-x86_64 1.81 22.00 76.00 98.00 OK
r-patched-linux-x86_64 1.81 14.57 55.35 69.92 OK
r-release-linux-x86_64 1.81 13.85 53.98 67.83 OK
r-release-macos-arm64 1.81 40.00 OK
r-release-macos-x86_64 1.81 65.00 OK
r-release-windows-x86_64 1.81 24.00 78.00 102.00 OK
r-oldrel-macos-arm64 1.81 37.00 OK
r-oldrel-windows-x86_64 1.81 27.00 96.00 123.00 OK

Check Details

Version: 1.81
Check: Rd files
Result: NOTE checkRd: (-1) lsq.Rd:12-13: Lost braces in \itemize; meant \describe ? checkRd: (-1) lsq.Rd:13-14: Lost braces in \itemize; meant \describe ? checkRd: (-1) lsq.Rd:14-15: Lost braces in \itemize; meant \describe ? checkRd: (-1) lsq.Rd:15-16: Lost braces in \itemize; meant \describe ? checkRd: (-1) lsq.Rd:17-18: Lost braces in \itemize; meant \describe ? checkRd: (-1) lsq.Rd:19-20: Lost braces in \itemize; meant \describe ? checkRd: (-1) lsq.Rd:21-22: Lost braces in \itemize; meant \describe ? checkRd: (-1) lsq.Rd:22-23: Lost braces in \itemize; meant \describe ? checkRd: (-1) lsq.Rd:24: Lost braces in \itemize; meant \describe ? checkRd: (-1) lsq.Rd:25: Lost braces in \itemize; meant \describe ? checkRd: (-1) lsq.Rd:26-27: Lost braces in \itemize; meant \describe ? Flavors: r-devel-linux-x86_64-debian-clang, r-devel-linux-x86_64-debian-gcc