CRAN Package Check Results for Package SparseTSCGM

Last updated on 2024-04-24 20:54:24 CEST.

Flavor Version Tinstall Tcheck Ttotal Status Flags
r-devel-linux-x86_64-debian-clang 4.0 11.90 106.81 118.71 OK
r-devel-linux-x86_64-debian-gcc 4.0 8.73 79.61 88.34 OK
r-devel-linux-x86_64-fedora-clang 4.0 145.28 NOTE
r-devel-linux-x86_64-fedora-gcc 4.0 146.28 NOTE
r-devel-windows-x86_64 4.0 13.00 93.00 106.00 OK
r-patched-linux-x86_64 4.0 13.87 102.64 116.51 OK
r-release-linux-x86_64 4.0 10.38 103.90 114.28 OK
r-release-macos-arm64 4.0 46.00 OK
r-release-windows-x86_64 4.0 12.00 95.00 107.00 OK
r-oldrel-macos-arm64 4.0 40.00 OK
r-oldrel-macos-x86_64 4.0 77.00 OK
r-oldrel-windows-x86_64 4.0 16.00 112.00 128.00 OK

Check Details

Version: 4.0
Check: compiled code
Result: NOTE File ‘SparseTSCGM/libs/SparseTSCGM.so’: Found no calls to: ‘R_registerRoutines’, ‘R_useDynamicSymbols’ It is good practice to register native routines and to disable symbol search. See ‘Writing portable packages’ in the ‘Writing R Extensions’ manual. Flavors: r-devel-linux-x86_64-fedora-clang, r-devel-linux-x86_64-fedora-gcc