Last updated on 2023-12-11 18:53:44 CET.
Flavor | Version | Tinstall | Tcheck | Ttotal | Status | Flags |
---|---|---|---|---|---|---|
r-devel-linux-x86_64-debian-clang | 1.0.0 | 44.31 | 542.84 | 587.15 | OK | |
r-devel-linux-x86_64-debian-gcc | 1.0.0 | 38.46 | 414.43 | 452.89 | OK | |
r-devel-linux-x86_64-fedora-clang | 1.0.0 | 807.02 | OK | |||
r-devel-linux-x86_64-fedora-gcc | 1.0.0 | 814.00 | OK | |||
r-devel-windows-x86_64 | 1.0.0 | 52.00 | 525.00 | 577.00 | OK | |
r-patched-linux-x86_64 | 0.1.0 | 56.23 | 521.49 | 577.72 | OK | |
r-release-linux-x86_64 | 1.0.0 | 45.91 | 530.65 | 576.56 | OK | |
r-release-macos-arm64 | 1.0.0 | 9.00 | ERROR | |||
r-release-macos-x86_64 | 1.0.0 | 10.00 | ERROR | |||
r-release-windows-x86_64 | 1.0.0 | 51.00 | 461.00 | 512.00 | OK | |
r-oldrel-macos-arm64 | 1.0.0 | 8.00 | ERROR | |||
r-oldrel-macos-x86_64 | 0.1.0 | 21.00 | ERROR | |||
r-oldrel-windows-x86_64 | 0.1.0 | 54.00 | 482.00 | 536.00 | OK |
Version: 1.0.0
Check: package dependencies
Result: ERROR
Package required but not available: ‘SpatialExperiment’
Packages suggested but not available for checking: 'rhdf5', 'HDF5Array'
See section ‘The DESCRIPTION file’ in the ‘Writing R Extensions’
manual.
Flavors: r-release-macos-arm64, r-release-macos-x86_64
Version: 1.0.0
Check: package dependencies
Result: ERROR
Packages required but not available:
'SpatialExperiment', 'zinbwave', 'scran'
Package suggested but not available for checking: ‘bluster’
See section ‘The DESCRIPTION file’ in the ‘Writing R Extensions’
manual.
Flavor: r-oldrel-macos-arm64
Version: 0.1.0
Check: package dependencies
Result: ERROR
Package required but not available: ‘SpatialExperiment’
See section ‘The DESCRIPTION file’ in the ‘Writing R Extensions’
manual.
Flavor: r-oldrel-macos-x86_64