Last updated on 2023-12-05 18:49:39 CET.
Flavor | Version | Tinstall | Tcheck | Ttotal | Status | Flags |
---|---|---|---|---|---|---|
r-devel-linux-x86_64-debian-clang | 1.0.0 | 12.31 | 123.29 | 135.60 | NOTE | |
r-devel-linux-x86_64-debian-gcc | 1.0.0 | 11.26 | 91.79 | 103.05 | NOTE | |
r-devel-linux-x86_64-fedora-clang | 1.0.0 | 170.53 | OK | |||
r-devel-linux-x86_64-fedora-gcc | 1.0.0 | 174.81 | OK | |||
r-devel-windows-x86_64 | 1.0.0 | 12.00 | 110.00 | 122.00 | OK | |
r-patched-linux-x86_64 | 1.0.0 | 16.19 | 119.47 | 135.66 | OK | |
r-release-linux-x86_64 | 1.0.0 | 11.74 | 117.64 | 129.38 | OK | |
r-release-macos-arm64 | 1.0.0 | 57.00 | OK | |||
r-release-macos-x86_64 | 1.0.0 | 88.00 | OK | |||
r-release-windows-x86_64 | 1.0.0 | 15.00 | 129.00 | 144.00 | OK | |
r-oldrel-macos-arm64 | 1.0.0 | 51.00 | OK | |||
r-oldrel-macos-x86_64 | 1.0.0 | 67.00 | OK | |||
r-oldrel-windows-x86_64 | 1.0.0 | 17.00 | 132.00 | 149.00 | OK |
Version: 1.0.0
Check: Rd files
Result: NOTE
checkRd: (-1) create.FEM.basis.Rd:131: Lost braces in \enumerate; \value handles \item{}{} directly
checkRd: (-1) create.FEM.basis.Rd:132: Lost braces in \enumerate; \value handles \item{}{} directly
checkRd: (-1) create.FEM.basis.Rd:133-134: Lost braces in \enumerate; \value handles \item{}{} directly
checkRd: (-1) create.FEM.basis.Rd:135-138: Lost braces in \enumerate; \value handles \item{}{} directly
checkRd: (-1) create.FEM.basis.Rd:139-142: Lost braces in \enumerate; \value handles \item{}{} directly
checkRd: (-1) create.FEM.basis.Rd:143-146: Lost braces in \enumerate; \value handles \item{}{} directly
checkRd: (-1) makenodes.Rd:38-40: Lost braces in \itemize; \value handles \item{}{} directly
checkRd: (-1) makenodes.Rd:41-48: Lost braces in \itemize; \value handles \item{}{} directly
checkRd: (-1) makenodes.Rd:49-61: Lost braces in \itemize; \value handles \item{}{} directly
checkRd: (-1) makenodes.Rd:62-64: Lost braces in \itemize; \value handles \item{}{} directly
checkRd: (-1) makenodes.Rd:65-67: Lost braces in \itemize; \value handles \item{}{} directly
checkRd: (-1) mass.FEM.Rd:17: Lost braces in \itemize; meant \describe ?
checkRd: (-1) mass.FEM.Rd:18: Lost braces in \itemize; meant \describe ?
checkRd: (-1) mass.FEM.Rd:19: Lost braces in \itemize; meant \describe ?
checkRd: (-1) mass.FEM.Rd:20-21: Lost braces in \itemize; meant \describe ?
checkRd: (-1) squareMesh.Rd:25: Lost braces in \itemize; \value handles \item{}{} directly
checkRd: (-1) squareMesh.Rd:26-27: Lost braces in \itemize; \value handles \item{}{} directly
checkRd: (-1) squareMesh.Rd:28-29: Lost braces in \itemize; \value handles \item{}{} directly
checkRd: (-1) squareMesh_RL.Rd:28: Lost braces in \itemize; \value handles \item{}{} directly
checkRd: (-1) squareMesh_RL.Rd:29-30: Lost braces in \itemize; \value handles \item{}{} directly
checkRd: (-1) squareMesh_RL.Rd:31-32: Lost braces in \itemize; \value handles \item{}{} directly
checkRd: (-1) stiff.FEM.Rd:17: Lost braces in \itemize; meant \describe ?
checkRd: (-1) stiff.FEM.Rd:18: Lost braces in \itemize; meant \describe ?
checkRd: (-1) stiff.FEM.Rd:19: Lost braces in \itemize; meant \describe ?
checkRd: (-1) stiff.FEM.Rd:20-21: Lost braces in \itemize; meant \describe ?
Flavors: r-devel-linux-x86_64-debian-clang, r-devel-linux-x86_64-debian-gcc