CRAN Package Check Results for Package SphericalCubature

Last updated on 2024-02-24 18:55:04 CET.

Flavor Version Tinstall Tcheck Ttotal Status Flags
r-devel-linux-x86_64-debian-clang 1.5 5.54 65.90 71.44 NOTE
r-devel-linux-x86_64-debian-gcc 1.5 4.77 49.13 53.90 NOTE
r-devel-linux-x86_64-fedora-clang 1.5 90.07 NOTE
r-devel-linux-x86_64-fedora-gcc 1.5 88.79 NOTE
r-devel-windows-x86_64 1.5 7.00 65.00 72.00 OK
r-patched-linux-x86_64 1.5 4.74 63.94 68.68 OK
r-release-linux-x86_64 1.5 3.77 63.05 66.82 OK
r-release-macos-arm64 1.5 26.00 OK
r-release-macos-x86_64 1.5 40.00 OK
r-release-windows-x86_64 1.5 7.00 74.00 81.00 OK
r-oldrel-macos-arm64 1.5 24.00 OK
r-oldrel-windows-x86_64 1.5 9.00 81.00 90.00 OK

Check Details

Version: 1.5
Check: Rd files
Result: NOTE checkRd: (-1) adaptIntegrateSpherePolar.Rd:14: Lost braces 14 | code{adaptIntegrateBallPolar()} will likely miss these abrupt changes and give | ^ Flavors: r-devel-linux-x86_64-debian-clang, r-devel-linux-x86_64-debian-gcc, r-devel-linux-x86_64-fedora-clang, r-devel-linux-x86_64-fedora-gcc