CRAN Package Check Results for Package StAMPP

Last updated on 2024-07-13 19:54:15 CEST.

Flavor Version Tinstall Tcheck Ttotal Status Flags
r-devel-linux-x86_64-debian-clang 1.6.3 14.33 120.96 135.29 NOTE
r-devel-linux-x86_64-debian-gcc 1.6.3 11.33 90.49 101.82 NOTE
r-devel-linux-x86_64-fedora-clang 1.6.3 169.30 NOTE
r-devel-linux-x86_64-fedora-gcc 1.6.3 166.86 NOTE
r-devel-windows-x86_64 1.6.3 15.00 111.00 126.00 NOTE
r-patched-linux-x86_64 1.6.3 13.09 113.24 126.33 NOTE
r-release-linux-x86_64 1.6.3 13.07 111.70 124.77 NOTE
r-release-macos-arm64 1.6.3 49.00 NOTE
r-release-macos-x86_64 1.6.3 79.00 NOTE
r-release-windows-x86_64 1.6.3 13.00 110.00 123.00 NOTE
r-oldrel-macos-arm64 1.6.3 57.00 OK
r-oldrel-macos-x86_64 1.6.3 88.00 OK
r-oldrel-windows-x86_64 1.6.3 19.00 131.00 150.00 OK

Check Details

Version: 1.6.3
Check: Rd files
Result: NOTE checkRd: (-1) stamppFst.Rd:20: Lost braces 20 | \code{Fsts}{a matrix of pairwise Fst values between populations} | ^ checkRd: (-1) stamppFst.Rd:21: Lost braces 21 | \code{Pvalues}{a matrix of p-values for each of the pairwise Fst values containined in the 'Fsts' matrix} | ^ checkRd: (-1) stamppFst.Rd:22: Lost braces 22 | \code{Bootstraps}{a dataframe of each Fst value generated during Bootstrapping and the associated confidence intervals} | ^ Flavors: r-devel-linux-x86_64-debian-clang, r-devel-linux-x86_64-debian-gcc, r-devel-linux-x86_64-fedora-clang, r-devel-linux-x86_64-fedora-gcc, r-devel-windows-x86_64, r-patched-linux-x86_64, r-release-linux-x86_64, r-release-macos-arm64, r-release-macos-x86_64, r-release-windows-x86_64