Last updated on 2023-12-04 00:52:58 CET.
Flavor | Version | Tinstall | Tcheck | Ttotal | Status | Flags |
---|---|---|---|---|---|---|
r-devel-linux-x86_64-debian-clang | 1.0.5 | 15.87 | 339.95 | 355.82 | OK | |
r-devel-linux-x86_64-debian-gcc | 1.0.5 | 12.81 | 255.40 | 268.21 | OK | |
r-devel-linux-x86_64-fedora-clang | 1.0.5 | 410.41 | NOTE | |||
r-devel-linux-x86_64-fedora-gcc | 1.0.5 | 422.37 | OK | |||
r-devel-windows-x86_64 | 1.0.5 | 14.00 | 158.00 | 172.00 | NOTE | |
r-patched-linux-x86_64 | 1.0.5 | 16.05 | 322.33 | 338.38 | OK | |
r-release-linux-x86_64 | 1.0.5 | 14.00 | 321.31 | 335.31 | OK | |
r-release-macos-arm64 | 1.0.5 | 97.00 | NOTE | |||
r-release-macos-x86_64 | 1.0.5 | 164.00 | NOTE | |||
r-release-windows-x86_64 | 1.0.5 | 20.00 | 194.00 | 214.00 | NOTE | |
r-oldrel-macos-arm64 | 1.0.5 | 92.00 | NOTE | |||
r-oldrel-macos-x86_64 | 1.0.5 | 240.00 | NOTE | |||
r-oldrel-windows-x86_64 | 1.0.5 | 21.00 | 195.00 | 216.00 | NOTE |
Version: 1.0.5
Check: installed package size
Result: NOTE
installed size is 5.7Mb
sub-directories of 1Mb or more:
doc 5.0Mb
Flavors: r-devel-linux-x86_64-fedora-clang, r-devel-windows-x86_64, r-release-macos-arm64, r-release-macos-x86_64, r-release-windows-x86_64, r-oldrel-macos-arm64, r-oldrel-macos-x86_64, r-oldrel-windows-x86_64