CRAN Package Check Results for Package SynDI

Last updated on 2024-07-21 20:51:13 CEST.

Flavor Version Tinstall Tcheck Ttotal Status Flags
r-devel-linux-x86_64-debian-clang 0.1.0 3.76 165.36 169.12 NOTE
r-devel-linux-x86_64-debian-gcc 0.1.0 4.31 134.31 138.62 NOTE
r-devel-linux-x86_64-fedora-clang 0.1.0 219.40 NOTE
r-devel-linux-x86_64-fedora-gcc 0.1.0 235.29 NOTE
r-devel-windows-x86_64 0.1.0 6.00 172.00 178.00 NOTE
r-patched-linux-x86_64 0.1.0 5.53 166.16 171.69 NOTE
r-release-linux-x86_64 0.1.0 3.34 167.68 171.02 NOTE
r-release-macos-arm64 0.1.0 86.00 NOTE
r-release-macos-x86_64 0.1.0 127.00 NOTE
r-release-windows-x86_64 0.1.0 6.00 193.00 199.00 NOTE
r-oldrel-macos-arm64 0.1.0 92.00 OK
r-oldrel-macos-x86_64 0.1.0 143.00 OK
r-oldrel-windows-x86_64 0.1.0 8.00 221.00 229.00 OK

Check Details

Version: 0.1.0
Check: Rd files
Result: NOTE checkRd: (-1) create_synthetic_example.Rd:10: Lost braces in \itemize; meant \describe ? checkRd: (-1) create_synthetic_example.Rd:11: Lost braces in \itemize; meant \describe ? checkRd: (-1) create_synthetic_example.Rd:12: Lost braces in \itemize; meant \describe ? checkRd: (-1) initial_estimates_example.Rd:10: Lost braces in \itemize; meant \describe ? checkRd: (-1) initial_estimates_example.Rd:11: Lost braces in \itemize; meant \describe ? checkRd: (-1) initial_estimates_example.Rd:12: Lost braces in \itemize; meant \describe ? Flavors: r-devel-linux-x86_64-debian-clang, r-devel-linux-x86_64-debian-gcc, r-devel-linux-x86_64-fedora-clang, r-devel-linux-x86_64-fedora-gcc, r-devel-windows-x86_64, r-patched-linux-x86_64, r-release-linux-x86_64, r-release-macos-arm64, r-release-macos-x86_64, r-release-windows-x86_64

Version: 0.1.0
Check: dependencies in R code
Result: NOTE Namespaces in Imports field not imported from: ‘MASS’ ‘StackImpute’ ‘arm’ ‘boot’ ‘broom’ ‘knitr’ ‘mvtnorm’ ‘randomForest’ All declared Imports should be used. Flavors: r-devel-linux-x86_64-fedora-clang, r-devel-linux-x86_64-fedora-gcc