Last updated on 2023-11-30 18:49:47 CET.
Flavor | Version | Tinstall | Tcheck | Ttotal | Status | Flags |
---|---|---|---|---|---|---|
r-devel-linux-x86_64-debian-clang | 0.5.1 | 36.57 | 92.00 | 128.57 | NOTE | |
r-devel-linux-x86_64-debian-gcc | 0.5.1 | 25.71 | 68.72 | 94.43 | NOTE | |
r-devel-linux-x86_64-fedora-clang | 0.5.1 | 171.94 | NOTE | |||
r-devel-linux-x86_64-fedora-gcc | 0.5.1 | 165.59 | NOTE | |||
r-devel-windows-x86_64 | 0.5.1 | 29.00 | 124.00 | 153.00 | NOTE | |
r-patched-linux-x86_64 | 0.5.1 | 30.98 | 88.55 | 119.53 | NOTE | |
r-release-linux-x86_64 | 0.5.1 | 35.24 | 88.71 | 123.95 | NOTE | |
r-release-macos-arm64 | 0.5.1 | 51.00 | NOTE | |||
r-release-macos-x86_64 | 0.5.1 | 79.00 | NOTE | |||
r-release-windows-x86_64 | 0.5.1 | 41.00 | 127.00 | 168.00 | NOTE | |
r-oldrel-macos-arm64 | 0.5.1 | 50.00 | OK | |||
r-oldrel-macos-x86_64 | 0.5.1 | 62.00 | OK | |||
r-oldrel-windows-x86_64 | 0.5.1 | 40.00 | 127.00 | 167.00 | OK |
Version: 0.5.1
Check: C++ specification
Result: NOTE
Specified C++11: please drop specification unless essential
Flavors: r-devel-linux-x86_64-debian-clang, r-devel-linux-x86_64-debian-gcc, r-devel-linux-x86_64-fedora-clang, r-devel-linux-x86_64-fedora-gcc, r-devel-windows-x86_64, r-patched-linux-x86_64, r-release-linux-x86_64, r-release-macos-arm64, r-release-macos-x86_64, r-release-windows-x86_64