CRAN Package Check Results for Package TBRDist

Last updated on 2024-02-25 18:51:40 CET.

Flavor Version Tinstall Tcheck Ttotal Status Flags
r-devel-linux-x86_64-debian-clang 1.0.2 48.85 135.37 184.22 NOTE
r-devel-linux-x86_64-debian-gcc 1.0.2 40.26 106.14 146.40 NOTE
r-devel-linux-x86_64-fedora-clang 1.0.2 233.06 NOTE
r-devel-linux-x86_64-fedora-gcc 1.0.2 250.91 NOTE
r-devel-windows-x86_64 1.0.2 40.00 143.00 183.00 NOTE
r-patched-linux-x86_64 1.0.2 34.84 137.01 171.85 NOTE
r-release-linux-x86_64 1.0.2 36.47 136.01 172.48 NOTE
r-release-macos-arm64 1.0.2 91.00 NOTE
r-release-macos-x86_64 1.0.2 124.00 NOTE
r-release-windows-x86_64 1.0.2 51.00 183.00 234.00 NOTE
r-oldrel-macos-arm64 1.0.2 73.00 NOTE
r-oldrel-windows-x86_64 1.0.2 49.00 202.00 251.00 NOTE

Check Details

Version: 1.0.2
Check: C++ specification
Result: NOTE Specified C++11: please drop specification unless essential Flavors: r-devel-linux-x86_64-debian-clang, r-devel-linux-x86_64-debian-gcc, r-devel-linux-x86_64-fedora-clang, r-devel-linux-x86_64-fedora-gcc, r-devel-windows-x86_64, r-patched-linux-x86_64, r-release-linux-x86_64, r-release-macos-arm64, r-release-macos-x86_64, r-release-windows-x86_64

Version: 1.0.2
Check: LazyData
Result: NOTE 'LazyData' is specified without a 'data' directory Flavors: r-devel-linux-x86_64-debian-clang, r-devel-linux-x86_64-debian-gcc, r-devel-linux-x86_64-fedora-clang, r-devel-linux-x86_64-fedora-gcc, r-devel-windows-x86_64, r-patched-linux-x86_64, r-release-linux-x86_64, r-release-macos-arm64, r-release-macos-x86_64, r-release-windows-x86_64, r-oldrel-macos-arm64, r-oldrel-windows-x86_64

Version: 1.0.2
Check: installed package size
Result: NOTE installed size is 5.3Mb sub-directories of 1Mb or more: libs 5.1Mb Flavors: r-release-macos-arm64, r-oldrel-macos-arm64