CRAN Package Check Results for Package TBRDist

Last updated on 2024-07-19 20:49:42 CEST.

Flavor Version Tinstall Tcheck Ttotal Status Flags
r-devel-linux-x86_64-debian-clang 1.0.2 50.01 140.01 190.02 NOTE
r-devel-linux-x86_64-debian-gcc 1.0.2 32.84 107.79 140.63 NOTE
r-devel-linux-x86_64-fedora-clang 1.0.2 242.44 NOTE
r-devel-linux-x86_64-fedora-gcc 1.0.2 259.42 NOTE
r-devel-windows-x86_64 1.0.2 41.00 140.00 181.00 NOTE
r-patched-linux-x86_64 1.0.2 36.61 135.94 172.55 NOTE
r-release-linux-x86_64 1.0.2 44.70 133.06 177.76 NOTE
r-release-macos-arm64 1.0.2 72.00 NOTE
r-release-macos-x86_64 1.0.2 113.00 NOTE
r-release-windows-x86_64 1.0.2 41.00 164.00 205.00 NOTE
r-oldrel-macos-arm64 1.0.2 91.00 NOTE
r-oldrel-macos-x86_64 1.0.2 124.00 NOTE
r-oldrel-windows-x86_64 1.0.2 53.00 187.00 240.00 NOTE

Check Details

Version: 1.0.2
Check: C++ specification
Result: NOTE Specified C++11: please drop specification unless essential Flavors: r-devel-linux-x86_64-debian-clang, r-devel-linux-x86_64-debian-gcc, r-devel-linux-x86_64-fedora-clang, r-devel-linux-x86_64-fedora-gcc, r-devel-windows-x86_64, r-patched-linux-x86_64, r-release-linux-x86_64, r-release-macos-arm64, r-release-macos-x86_64, r-release-windows-x86_64, r-oldrel-macos-arm64, r-oldrel-macos-x86_64, r-oldrel-windows-x86_64

Version: 1.0.2
Check: LazyData
Result: NOTE 'LazyData' is specified without a 'data' directory Flavors: r-devel-linux-x86_64-debian-clang, r-devel-linux-x86_64-debian-gcc, r-devel-linux-x86_64-fedora-clang, r-devel-linux-x86_64-fedora-gcc, r-devel-windows-x86_64, r-patched-linux-x86_64, r-release-linux-x86_64, r-release-macos-arm64, r-release-macos-x86_64, r-release-windows-x86_64, r-oldrel-macos-arm64, r-oldrel-macos-x86_64, r-oldrel-windows-x86_64

Version: 1.0.2
Check: installed package size
Result: NOTE installed size is 5.3Mb sub-directories of 1Mb or more: libs 5.1Mb Flavor: r-oldrel-macos-arm64