CRAN Package Check Results for Package TCIU

Last updated on 2025-01-20 20:48:40 CET.

Flavor Version Tinstall Tcheck Ttotal Status Flags
r-devel-linux-x86_64-debian-clang 1.2.7 28.99 317.05 346.04 OK
r-devel-linux-x86_64-debian-gcc 1.2.7 20.55 202.04 222.59 OK
r-devel-linux-x86_64-fedora-clang 1.2.7 579.26 OK
r-devel-linux-x86_64-fedora-gcc 1.2.7 590.36 OK
r-devel-windows-x86_64 1.2.7 34.00 374.00 408.00 OK
r-patched-linux-x86_64 1.2.7 26.95 303.02 329.97 OK
r-release-linux-x86_64 1.2.7 27.21 299.42 326.63 OK
r-release-macos-arm64 1.2.7 117.00 NOTE
r-release-macos-x86_64 1.2.7 165.00 NOTE
r-release-windows-x86_64 1.2.7 37.00 427.00 464.00 NOTE
r-oldrel-macos-arm64 1.2.7 257.00 NOTE
r-oldrel-macos-x86_64 1.2.7 441.00 NOTE
r-oldrel-windows-x86_64 1.2.7 41.00 510.00 551.00 NOTE

Check Details

Version: 1.2.7
Check: installed package size
Result: NOTE installed size is 13.5Mb sub-directories of 1Mb or more: doc 12.0Mb Flavors: r-release-macos-arm64, r-release-macos-x86_64, r-release-windows-x86_64, r-oldrel-macos-arm64, r-oldrel-macos-x86_64, r-oldrel-windows-x86_64