Last updated on 2023-12-02 18:53:59 CET.
Flavor | Version | Tinstall | Tcheck | Ttotal | Status | Flags |
---|---|---|---|---|---|---|
r-devel-linux-x86_64-debian-clang | 0.2.0 | 7.68 | 80.33 | 88.01 | NOTE | |
r-devel-linux-x86_64-debian-gcc | 0.2.0 | 6.80 | 61.30 | 68.10 | NOTE | |
r-devel-linux-x86_64-fedora-clang | 0.2.0 | 110.90 | NOTE | |||
r-devel-linux-x86_64-fedora-gcc | 0.2.0 | 111.88 | NOTE | |||
r-devel-windows-x86_64 | 0.2.0 | 8.00 | 85.00 | 93.00 | NOTE | |
r-patched-linux-x86_64 | 0.2.0 | 9.56 | 79.28 | 88.84 | NOTE | |
r-release-linux-x86_64 | 0.2.0 | 7.71 | 79.85 | 87.56 | NOTE | |
r-release-macos-arm64 | 0.2.0 | 38.00 | NOTE | |||
r-release-macos-x86_64 | 0.2.0 | 53.00 | NOTE | |||
r-release-windows-x86_64 | 0.2.0 | 10.00 | 99.00 | 109.00 | NOTE | |
r-oldrel-macos-arm64 | 0.2.0 | 35.00 | NOTE | |||
r-oldrel-macos-x86_64 | 0.2.0 | 46.00 | NOTE | |||
r-oldrel-windows-x86_64 | 0.2.0 | 11.00 | 100.00 | 111.00 | NOTE |
Version: 0.2.0
Check: LazyData
Result: NOTE
'LazyData' is specified without a 'data' directory
Flavors: r-devel-linux-x86_64-debian-clang, r-devel-linux-x86_64-debian-gcc, r-devel-linux-x86_64-fedora-clang, r-devel-linux-x86_64-fedora-gcc, r-devel-windows-x86_64, r-patched-linux-x86_64, r-release-linux-x86_64, r-release-macos-arm64, r-release-macos-x86_64, r-release-windows-x86_64, r-oldrel-macos-arm64, r-oldrel-macos-x86_64, r-oldrel-windows-x86_64