Last updated on 2023-11-27 18:51:36 CET.
Flavor | Version | Tinstall | Tcheck | Ttotal | Status | Flags |
---|---|---|---|---|---|---|
r-devel-linux-x86_64-debian-clang | 0.9.22 | 14.10 | 114.57 | 128.67 | OK | |
r-devel-linux-x86_64-debian-gcc | 0.9.22 | 10.26 | 90.75 | 101.01 | OK | |
r-devel-linux-x86_64-fedora-clang | 0.9.22 | 155.18 | NOTE | |||
r-devel-linux-x86_64-fedora-gcc | 0.9.22 | 162.60 | NOTE | |||
r-devel-windows-x86_64 | 0.9.22 | 12.00 | 145.00 | 157.00 | OK | |
r-patched-linux-x86_64 | 0.9.22 | 8.82 | 107.92 | 116.74 | OK | |
r-release-linux-x86_64 | 0.9.22 | 10.50 | 107.08 | 117.58 | OK | |
r-release-macos-arm64 | 0.9.22 | 61.00 | OK | |||
r-release-macos-x86_64 | 0.9.22 | 85.00 | OK | |||
r-release-windows-x86_64 | 0.9.22 | 17.00 | 280.00 | 297.00 | OK | |
r-oldrel-macos-arm64 | 0.9.22 | 49.00 | NOTE | |||
r-oldrel-macos-x86_64 | 0.9.22 | 80.00 | NOTE | |||
r-oldrel-windows-x86_64 | 0.9.22 | 17.00 | 288.00 | 305.00 | OK |
Version: 0.9.22
Check: data for non-ASCII characters
Result: NOTE
Note: found 153 marked Latin-1 strings
Note: found 108 marked UTF-8 strings
Flavors: r-devel-linux-x86_64-fedora-clang, r-devel-linux-x86_64-fedora-gcc, r-oldrel-macos-arm64, r-oldrel-macos-x86_64