Last updated on 2023-11-30 18:49:48 CET.
Flavor | Version | Tinstall | Tcheck | Ttotal | Status | Flags |
---|---|---|---|---|---|---|
r-devel-linux-x86_64-debian-clang | 0.3.1 | 9.08 | 89.30 | 98.38 | NOTE | |
r-devel-linux-x86_64-debian-gcc | 0.3.1 | 6.70 | 67.95 | 74.65 | NOTE | |
r-devel-linux-x86_64-fedora-clang | 0.3.1 | 121.35 | OK | |||
r-devel-linux-x86_64-fedora-gcc | 0.3.1 | 123.07 | OK | |||
r-devel-windows-x86_64 | 0.3.1 | 8.00 | 85.00 | 93.00 | OK | |
r-patched-linux-x86_64 | 0.3.1 | 6.73 | 89.30 | 96.03 | OK | |
r-release-linux-x86_64 | 0.3.1 | 8.04 | 87.03 | 95.07 | OK | |
r-release-macos-arm64 | 0.3.1 | 43.00 | OK | |||
r-release-macos-x86_64 | 0.3.1 | 60.00 | OK | |||
r-release-windows-x86_64 | 0.3.1 | 10.00 | 98.00 | 108.00 | OK | |
r-oldrel-macos-arm64 | 0.3.1 | 40.00 | OK | |||
r-oldrel-macos-x86_64 | 0.3.1 | 52.00 | OK | |||
r-oldrel-windows-x86_64 | 0.3.1 | 10.00 | 103.00 | 113.00 | OK |
Version: 0.3.1
Check: Rd files
Result: NOTE
checkRd: (-1) alcohol.Rd:16-18: Lost braces in \itemize; meant \describe ?
checkRd: (-1) alcohol.Rd:19-21: Lost braces in \itemize; meant \describe ?
checkRd: (-1) alcohol.Rd:22-26: Lost braces in \itemize; meant \describe ?
Flavors: r-devel-linux-x86_64-debian-clang, r-devel-linux-x86_64-debian-gcc