Last updated on 2023-12-11 18:53:46 CET.
Flavor | Version | Tinstall | Tcheck | Ttotal | Status | Flags |
---|---|---|---|---|---|---|
r-devel-linux-x86_64-debian-clang | 1.1.0 | 10.12 | 282.45 | 292.57 | NOTE | |
r-devel-linux-x86_64-debian-gcc | 1.1.0 | 11.21 | 212.75 | 223.96 | NOTE | |
r-devel-linux-x86_64-fedora-clang | 1.1.0 | 341.35 | OK | |||
r-devel-linux-x86_64-fedora-gcc | 1.1.0 | 380.11 | OK | |||
r-devel-windows-x86_64 | 1.1.0 | 12.00 | 216.00 | 228.00 | OK | |
r-patched-linux-x86_64 | 1.1.0 | 8.50 | 264.39 | 272.89 | OK | |
r-release-linux-x86_64 | 1.1.0 | 7.20 | 268.93 | 276.13 | OK | |
r-release-macos-arm64 | 1.1.0 | 122.00 | OK | |||
r-release-macos-x86_64 | 1.1.0 | 202.00 | OK | |||
r-release-windows-x86_64 | 1.1.0 | 16.00 | 282.00 | 298.00 | OK | |
r-oldrel-macos-arm64 | 1.1.0 | 100.00 | OK | |||
r-oldrel-macos-x86_64 | 1.1.0 | 140.00 | OK | |||
r-oldrel-windows-x86_64 | 1.1.0 | 15.00 | 271.00 | 286.00 | OK |
Version: 1.1.0
Check: Rd files
Result: NOTE
checkRd: (-1) layer_templates.Rd:33: Lost braces; missing escapes or markup?
33 | {param}. Supply as a named list, where the element name is the parameter.}
| ^
Flavors: r-devel-linux-x86_64-debian-clang, r-devel-linux-x86_64-debian-gcc