Last updated on 2023-12-04 00:52:59 CET.
Flavor | Version | Tinstall | Tcheck | Ttotal | Status | Flags |
---|---|---|---|---|---|---|
r-devel-linux-x86_64-debian-clang | 2.2-8 | 56.41 | 277.71 | 334.12 | NOTE | |
r-devel-linux-x86_64-debian-gcc | 2.2-8 | 43.03 | 201.70 | 244.73 | NOTE | |
r-devel-linux-x86_64-fedora-clang | 2.2-8 | 406.20 | OK | |||
r-devel-linux-x86_64-fedora-gcc | 2.2-8 | 415.78 | OK | |||
r-devel-windows-x86_64 | 2.2-8 | 54.00 | 255.00 | 309.00 | OK | |
r-patched-linux-x86_64 | 2.2-8 | 38.97 | 261.18 | 300.15 | OK | |
r-release-linux-x86_64 | 2.2-8 | 49.30 | 260.22 | 309.52 | OK | |
r-release-macos-arm64 | 2.2-8 | 184.00 | OK | |||
r-release-macos-x86_64 | 2.2-8 | 388.00 | OK | |||
r-release-windows-x86_64 | 2.2-8 | 69.00 | 326.00 | 395.00 | OK | |
r-oldrel-macos-arm64 | 2.2-8 | 134.00 | OK | |||
r-oldrel-macos-x86_64 | 2.2-8 | 162.00 | OK | |||
r-oldrel-windows-x86_64 | 2.2-8 | 61.00 | 310.00 | 371.00 | OK |
Version: 2.2-8
Check: Rd files
Result: NOTE
checkRd: (-1) TraMineR.check.depr.args.Rd:26-27: Lost braces
26 | The function does not detect when {the new and the old argument names are specified
| ^
checkRd: (-1) plot.seqrf.Rd:43: Lost braces; missing escapes or markup?
43 | When arguments \code{xaxis} and {yaxis} are on the \code{...} list to be passed to \code{\link{plot.stslist}}, they are also used to control the display of the x and y axis of the boxplot.
| ^
checkRd: (-1) plot.stslist.Rd:67: Lost braces; missing escapes or markup?
67 | When a \code{sortv} variable is provided to \code{seqiplot} or \code{seqIplot}, its values define the order in which the sequences are plotted. With \code{sortv = "from.start"}, sequence are sorted by the elements of the alphabet at the successive positions starting from the beginning of the sequences. The {"from.end"} method proceeds similarly, but backward from the last position.
| ^
checkRd: (-1) seqcost.Rd:36: Lost braces; missing escapes or markup?
36 | where \eqn{P(i|j,t-1)} is the probability to transit from state \eqn{j} at \eqn{t-1} to \eqn{i} at {t}. Here, the default \code{cval} value is 4.
| ^
checkRd: (-1) seqindic.Rd:23: Lost braces
23 | \code{"ppos"} (proportion of positive states), \code{"nvolat"} (normative volatility), \code{"vpos"} objective volatility of positive-negative state sequences, \code{"integr"} (integrative potential), \code{"degrad"} (degradation), \code{"bad"} (badness), \code{"prec"} (precarity index), \code{"insec"} (insecurity). Can also be \code{"all"}, \code{"basic"}, \code{"diversity"}, \code{"complexity"}, \code{"binary"} or \code{"ranked"} that each selects a subset of the indicators. Setting \code{indic="all"} selects all indicators but \code{"ppos"}, \code{"vpos"}, \code{"nvolat"}, \code{"integr"}, \code{"degrad"}, code{"bad"}, \code{"prec"}, and \code{"insec"} that require an additional argument list.}
| ^
checkRd: (-1) seqplot.Rd:66: Lost braces; missing escapes or markup?
66 | \item{main}{Character string. Title of the graphic. Default \code{"auto"} prints group levels as default title when group is not {NULL} and no title otherwise. Set as \code{NULL} to suppress titles. }
| ^
Flavors: r-devel-linux-x86_64-debian-clang, r-devel-linux-x86_64-debian-gcc