Last updated on 2023-11-28 18:49:36 CET.
Flavor | Version | Tinstall | Tcheck | Ttotal | Status | Flags |
---|---|---|---|---|---|---|
r-devel-linux-x86_64-debian-clang | 1.10.0 | 78.06 | 188.15 | 266.21 | NOTE | |
r-devel-linux-x86_64-debian-gcc | 1.10.0 | 69.05 | 143.23 | 212.28 | NOTE | |
r-devel-linux-x86_64-fedora-clang | 1.10.0 | 356.79 | OK | |||
r-devel-linux-x86_64-fedora-gcc | 1.10.0 | 376.90 | OK | |||
r-devel-windows-x86_64 | 1.10.0 | 72.00 | 312.00 | 384.00 | OK | |
r-patched-linux-x86_64 | 1.10.0 | 90.81 | 179.09 | 269.90 | OK | |
r-release-linux-x86_64 | 1.10.0 | 81.27 | 176.65 | 257.92 | OK | |
r-release-macos-arm64 | 1.10.0 | 90.00 | NOTE | |||
r-release-macos-x86_64 | 1.10.0 | 213.00 | NOTE | |||
r-release-windows-x86_64 | 1.10.0 | 93.00 | 235.00 | 328.00 | OK | |
r-oldrel-macos-arm64 | 1.10.0 | 82.00 | NOTE | |||
r-oldrel-macos-x86_64 | 1.10.0 | 116.00 | NOTE | |||
r-oldrel-windows-x86_64 | 1.10.0 | 85.00 | 214.00 | 299.00 | OK |
Version: 1.10.0
Check: Rd files
Result: NOTE
checkRd: (-1) ReadTntTree.Rd:37: Lost braces
37 | \link{TNTOrder}{\code{tnt} order},
| ^
Flavors: r-devel-linux-x86_64-debian-clang, r-devel-linux-x86_64-debian-gcc
Version: 1.10.0
Check: installed package size
Result: NOTE
installed size is 5.3Mb
sub-directories of 1Mb or more:
R 1.1Mb
libs 3.2Mb
Flavors: r-release-macos-arm64, r-release-macos-x86_64, r-oldrel-macos-arm64, r-oldrel-macos-x86_64