Last updated on 2025-01-22 20:49:46 CET.
Flavor | Version | Tinstall | Tcheck | Ttotal | Status | Flags |
---|---|---|---|---|---|---|
r-devel-linux-x86_64-debian-clang | 1.0 | 10.93 | 88.14 | 99.07 | NOTE | |
r-devel-linux-x86_64-debian-gcc | 1.0 | 7.14 | 56.36 | 63.50 | NOTE | |
r-devel-linux-x86_64-fedora-clang | 1.0 | 160.41 | OK | |||
r-devel-linux-x86_64-fedora-gcc | 1.0 | 144.65 | OK | |||
r-devel-windows-x86_64 | 1.0 | 12.00 | 95.00 | 107.00 | NOTE | |
r-patched-linux-x86_64 | 1.0 | 14.80 | 80.55 | 95.35 | OK | |
r-release-linux-x86_64 | 1.0 | 8.85 | 83.13 | 91.98 | OK | |
r-release-macos-arm64 | 1.0 | 42.00 | OK | |||
r-release-macos-x86_64 | 1.0 | 65.00 | OK | |||
r-release-windows-x86_64 | 1.0 | 11.00 | 96.00 | 107.00 | OK | |
r-oldrel-macos-arm64 | 1.0 | 100.00 | OK | |||
r-oldrel-macos-x86_64 | 1.0 | 70.00 | OK | |||
r-oldrel-windows-x86_64 | 1.0 | 14.00 | 118.00 | 132.00 | OK |
Version: 1.0
Check: Rd cross-references
Result: NOTE
Found the following Rd file(s) with Rd \link{} targets missing package
anchors:
check.decomp.Rd: Rssa
Please provide package anchors for all Rd \link{} targets not in the
package itself and the base packages.
Flavors: r-devel-linux-x86_64-debian-clang, r-devel-linux-x86_64-debian-gcc, r-devel-windows-x86_64