CRAN Package Check Results for Package USgrid

Last updated on 2024-07-17 20:57:14 CEST.

Flavor Version Tinstall Tcheck Ttotal Status Flags
r-devel-linux-x86_64-debian-clang 0.1.2 3.73 31.21 34.94 OK
r-devel-linux-x86_64-debian-gcc 0.1.2 2.68 25.09 27.77 OK
r-devel-linux-x86_64-fedora-clang 0.1.2 45.40 NOTE
r-devel-linux-x86_64-fedora-gcc 0.1.2 44.43 NOTE
r-devel-windows-x86_64 0.1.2 5.00 52.00 57.00 OK
r-patched-linux-x86_64 0.1.2 3.64 31.54 35.18 OK
r-release-linux-x86_64 0.1.2 3.53 31.94 35.47 OK
r-release-macos-arm64 0.1.2 21.00 OK
r-release-macos-x86_64 0.1.2 29.00 OK
r-release-windows-x86_64 0.1.2 5.00 51.00 56.00 OK
r-oldrel-macos-arm64 0.1.2 21.00 OK
r-oldrel-macos-x86_64 0.1.2 27.00 OK
r-oldrel-windows-x86_64 0.1.2 7.00 56.00 63.00 OK

Check Details

Version: 0.1.2
Check: dependencies in R code
Result: NOTE Namespace in Imports field not imported from: ‘tsibble’ All declared Imports should be used. Flavors: r-devel-linux-x86_64-fedora-clang, r-devel-linux-x86_64-fedora-gcc