CRAN Package Check Results for Package USgrid

Last updated on 2023-12-09 18:54:35 CET.

Flavor Version Tinstall Tcheck Ttotal Status Flags
r-devel-linux-x86_64-debian-clang 0.1.2 2.90 32.58 35.48 OK
r-devel-linux-x86_64-debian-gcc 0.1.2 3.03 25.25 28.28 OK
r-devel-linux-x86_64-fedora-clang 0.1.2 44.58 NOTE
r-devel-linux-x86_64-fedora-gcc 0.1.2 43.62 NOTE
r-devel-windows-x86_64 0.1.2 5.00 52.00 57.00 OK
r-patched-linux-x86_64 0.1.2 4.10 32.43 36.53 OK
r-release-linux-x86_64 0.1.2 4.68 31.56 36.24 OK
r-release-macos-arm64 0.1.2 21.00 OK
r-release-macos-x86_64 0.1.2 27.00 OK
r-release-windows-x86_64 0.1.2 7.00 55.00 62.00 OK
r-oldrel-macos-arm64 0.1.2 20.00 NOTE
r-oldrel-macos-x86_64 0.1.2 36.00 NOTE
r-oldrel-windows-x86_64 0.1.2 7.00 55.00 62.00 OK

Check Details

Version: 0.1.2
Check: dependencies in R code
Result: NOTE Namespace in Imports field not imported from: ‘tsibble’ All declared Imports should be used. Flavors: r-devel-linux-x86_64-fedora-clang, r-devel-linux-x86_64-fedora-gcc, r-oldrel-macos-arm64, r-oldrel-macos-x86_64