Last updated on 2023-12-08 18:55:53 CET.
Flavor | Version | Tinstall | Tcheck | Ttotal | Status | Flags |
---|---|---|---|---|---|---|
r-devel-linux-x86_64-debian-clang | 4.4.0 | 29.06 | 42.87 | 71.93 | WARN | |
r-devel-linux-x86_64-debian-gcc | 4.4.1 | 21.30 | 34.08 | 55.38 | OK | |
r-devel-linux-x86_64-fedora-gcc | 4.4.1 | 111.35 | OK | |||
r-devel-windows-x86_64 | 4.4.1 | 74.00 | 147.00 | 221.00 | NOTE | |
r-patched-linux-x86_64 | 4.4.1 | 29.27 | 44.05 | 73.32 | OK | |
r-release-linux-x86_64 | 4.4.0 | 28.00 | 43.59 | 71.59 | OK | |
r-release-macos-arm64 | 4.4.1 | 73.00 | NOTE | |||
r-release-macos-x86_64 | 4.4.1 | 161.00 | NOTE | |||
r-release-windows-x86_64 | 4.4.1 | 100.00 | 146.00 | 246.00 | NOTE | |
r-oldrel-macos-arm64 | 4.4.1 | 75.00 | NOTE | |||
r-oldrel-macos-x86_64 | 4.4.0 | 56.00 | NOTE | |||
r-oldrel-windows-x86_64 | 4.4.0 | 67.00 | 181.00 | 248.00 | NOTE |
Version: 4.4.0
Check: whether package can be installed
Result: WARN
Found the following significant warnings:
bindings.cpp:147:42: warning: format string is not a string literal (potentially insecure) [-Wformat-security]
See ‘/home/hornik/tmp/R.check/r-devel-clang/Work/PKGS/V8.Rcheck/00install.out’ for details.
* used C++ compiler: ‘Debian clang version 17.0.5 (1)’
Flavor: r-devel-linux-x86_64-debian-clang
Version: 4.4.1
Check: installed package size
Result: NOTE
installed size is 23.9Mb
sub-directories of 1Mb or more:
doc 1.8Mb
libs 22.0Mb
Flavors: r-devel-windows-x86_64, r-release-macos-arm64, r-release-macos-x86_64, r-release-windows-x86_64, r-oldrel-macos-arm64
Version: 4.4.0
Check: installed package size
Result: NOTE
installed size is 39.2Mb
sub-directories of 1Mb or more:
doc 1.8Mb
libs 37.2Mb
Flavors: r-oldrel-macos-x86_64, r-oldrel-windows-x86_64