Last updated on 2023-11-28 18:49:37 CET.
Flavor | Version | Tinstall | Tcheck | Ttotal | Status | Flags |
---|---|---|---|---|---|---|
r-devel-linux-x86_64-debian-clang | 0.1.0 | 354.96 | 154.87 | 509.83 | OK | |
r-devel-linux-x86_64-debian-gcc | 0.1.0 | 270.78 | 156.39 | 427.17 | OK | |
r-devel-linux-x86_64-fedora-clang | 0.1.0 | 736.93 | OK | |||
r-devel-linux-x86_64-fedora-gcc | 0.1.0 | 849.62 | OK | |||
r-devel-windows-x86_64 | 0.1.0 | 262.00 | 149.00 | 411.00 | OK | |
r-patched-linux-x86_64 | 0.1.0 | 295.53 | 193.57 | 489.10 | OK | |
r-release-linux-x86_64 | 0.1.0 | 255.23 | 182.36 | 437.59 | OK | |
r-release-macos-arm64 | 0.1.0 | 180.00 | NOTE | |||
r-release-macos-x86_64 | 0.1.0 | 283.00 | NOTE | |||
r-release-windows-x86_64 | 0.1.0 | 346.00 | 178.00 | 524.00 | OK | |
r-oldrel-macos-arm64 | 0.1.0 | 109.00 | NOTE | |||
r-oldrel-macos-x86_64 | 0.1.0 | 184.00 | NOTE | |||
r-oldrel-windows-x86_64 | 0.1.0 | 340.00 | 172.00 | 512.00 | OK |
Version: 0.1.0
Check: installed package size
Result: NOTE
installed size is 26.2Mb
sub-directories of 1Mb or more:
doc 2.2Mb
libs 23.8Mb
Flavors: r-release-macos-arm64, r-release-macos-x86_64, r-oldrel-macos-arm64, r-oldrel-macos-x86_64