Last updated on 2023-10-02 00:03:44 CEST.
Flavor | Version | Tinstall | Tcheck | Ttotal | Status | Flags |
---|---|---|---|---|---|---|
r-devel-linux-x86_64-debian-clang | 1.1-9 | 108.57 | 710.39 | 818.96 | OK | |
r-devel-linux-x86_64-debian-gcc | 1.1-9 | 77.45 | 511.95 | 589.40 | OK | |
r-devel-linux-x86_64-fedora-clang | 1.1-9 | 1057.74 | NOTE | |||
r-devel-linux-x86_64-fedora-gcc | 1.1-9 | 1035.92 | OK | |||
r-devel-windows-x86_64 | 1.1-9 | 105.00 | 635.00 | 740.00 | NOTE | |
r-patched-linux-x86_64 | 1.1-9 | 145.73 | 705.97 | 851.70 | WARN | |
r-release-linux-x86_64 | 1.1-9 | 106.31 | 714.33 | 820.64 | WARN | |
r-release-macos-arm64 | 1.1-9 | 231.00 | WARN | |||
r-release-macos-x86_64 | 1.1-9 | 704.00 | WARN | |||
r-release-windows-x86_64 | 1.1-9 | 98.00 | 812.00 | 910.00 | WARN | |
r-oldrel-macos-arm64 | 1.1-9 | 213.00 | WARN | |||
r-oldrel-macos-x86_64 | 1.1-9 | 275.00 | WARN | |||
r-oldrel-windows-x86_64 | 1.1-9 | 168.00 | 751.00 | 919.00 | WARN |
Version: 1.1-9
Check: installed package size
Result: NOTE
installed size is 8.1Mb
sub-directories of 1Mb or more:
R 4.1Mb
help 3.1Mb
Flavors: r-devel-linux-x86_64-fedora-clang, r-devel-windows-x86_64, r-release-macos-arm64, r-release-macos-x86_64, r-release-windows-x86_64, r-oldrel-macos-arm64, r-oldrel-macos-x86_64, r-oldrel-windows-x86_64
Version: 1.1-9
Check: Rd cross-references
Result: WARN
Missing link or links in documentation object 'profilevglm.Rd':
‘[stats]{plot.profile}’
See section 'Cross-references' in the 'Writing R Extensions' manual.
Flavors: r-patched-linux-x86_64, r-release-linux-x86_64, r-release-macos-arm64, r-release-macos-x86_64, r-release-windows-x86_64, r-oldrel-macos-arm64, r-oldrel-windows-x86_64
Version: 1.1-9
Check: Rd cross-references
Result: WARN
Missing link or links in documentation object 'gamma2.Rd':
‘[VGAMdata]{bigamma.mckay}’
Missing link or links in documentation object 'gammaR.Rd':
‘[VGAMdata]{bigamma.mckay}’
Missing link or links in documentation object 'gammaff.mm.Rd':
‘[VGAMdata]{bigamma.mckay}’
Missing link or links in documentation object 'profilevglm.Rd':
‘[stats]{plot.profile}’
See section 'Cross-references' in the 'Writing R Extensions' manual.
Flavor: r-oldrel-macos-x86_64