Last updated on 2023-11-30 18:49:49 CET.
Flavor | Version | Tinstall | Tcheck | Ttotal | Status | Flags |
---|---|---|---|---|---|---|
r-devel-linux-x86_64-debian-clang | 1.1-9 | 9.00 | 72.09 | 81.09 | OK | |
r-devel-linux-x86_64-debian-gcc | 1.1-9 | 7.78 | 55.65 | 63.43 | OK | |
r-devel-linux-x86_64-fedora-clang | 1.1-9 | 103.24 | OK | |||
r-devel-linux-x86_64-fedora-gcc | 1.1-9 | 97.16 | OK | |||
r-devel-windows-x86_64 | 1.1-9 | 8.00 | 89.00 | 97.00 | OK | |
r-patched-linux-x86_64 | 1.1-9 | 14.77 | 72.74 | 87.51 | OK | |
r-release-linux-x86_64 | 1.1-9 | 9.16 | 73.86 | 83.02 | OK | |
r-release-macos-arm64 | 1.1-9 | 35.00 | WARN | |||
r-release-macos-x86_64 | 1.1-9 | 82.00 | WARN | |||
r-release-windows-x86_64 | 1.1-9 | 10.00 | 105.00 | 115.00 | OK | |
r-oldrel-macos-arm64 | 1.1-9 | 38.00 | WARN | |||
r-oldrel-macos-x86_64 | 1.1-9 | 47.00 | OK | |||
r-oldrel-windows-x86_64 | 1.1-9 | 14.00 | 104.00 | 118.00 | OK |
Version: 1.1-9
Check: Rd cross-references
Result: WARN
Missing link or links in documentation object 'bigamma.mckay.Rd':
‘[VGAM]{gammaff.mm}’
See section 'Cross-references' in the 'Writing R Extensions' manual.
Flavors: r-release-macos-arm64, r-release-macos-x86_64, r-oldrel-macos-arm64