Last updated on 2023-12-09 18:54:35 CET.
Flavor | Version | Tinstall | Tcheck | Ttotal | Status | Flags |
---|---|---|---|---|---|---|
r-devel-linux-x86_64-debian-clang | 0.2.6 | 160.16 | 54.12 | 214.28 | NOTE | |
r-devel-linux-x86_64-debian-gcc | 0.2.6 | 113.80 | 39.40 | 153.20 | NOTE | |
r-devel-linux-x86_64-fedora-clang | 0.2.6 | 318.27 | OK | |||
r-devel-linux-x86_64-fedora-gcc | 0.2.6 | 315.06 | OK | |||
r-devel-windows-x86_64 | 0.2.6 | 152.00 | 89.00 | 241.00 | OK | |
r-patched-linux-x86_64 | 0.2.6 | 132.66 | 53.54 | 186.20 | OK | |
r-release-linux-x86_64 | 0.2.6 | 132.34 | 53.03 | 185.37 | OK | |
r-release-macos-arm64 | 0.2.6 | 76.00 | OK | |||
r-release-macos-x86_64 | 0.2.6 | 121.00 | OK | |||
r-release-windows-x86_64 | 0.2.6 | 185.00 | 102.00 | 287.00 | OK | |
r-oldrel-macos-arm64 | 0.2.6 | 69.00 | OK | |||
r-oldrel-macos-x86_64 | 0.2.6 | 92.00 | OK | |||
r-oldrel-windows-x86_64 | 0.2.6 | 173.00 | 93.00 | 266.00 | OK |
Version: 0.2.6
Check: Rd files
Result: NOTE
checkRd: (-1) vic_param.Rd:311: Lost braces
311 | albedo must be supplied in code{forcing_veg}. Default = 1.}
| ^
checkRd: (-1) vic_param.Rd:323: Lost braces
323 | supplied in code{forcing_veg}. Default = 1.}
| ^
checkRd: (-1) vic_param.Rd:341: Lost braces
341 | be supplied in code{forcing_veg} Default = 0.}
| ^
Flavors: r-devel-linux-x86_64-debian-clang, r-devel-linux-x86_64-debian-gcc