CRAN Package Check Results for Package VWPre

Last updated on 2024-02-28 18:50:51 CET.

Flavor Version Tinstall Tcheck Ttotal Status Flags
r-devel-linux-x86_64-debian-clang 1.2.4 11.88 121.36 133.24 OK
r-devel-linux-x86_64-debian-gcc 1.2.4 9.44 85.62 95.06 OK
r-devel-linux-x86_64-fedora-clang 1.2.4 161.24 NOTE
r-devel-linux-x86_64-fedora-gcc 1.2.4 166.61 OK
r-devel-windows-x86_64 1.2.4 11.00 111.00 122.00 OK
r-patched-linux-x86_64 1.2.4 7.85 117.11 124.96 OK
r-release-linux-x86_64 1.2.4 7.47 114.82 122.29 OK
r-release-macos-arm64 1.2.4 56.00 OK
r-release-macos-x86_64 1.2.4 81.00 OK
r-release-windows-x86_64 1.2.4 14.00 128.00 142.00 OK
r-oldrel-macos-arm64 1.2.4 56.00 OK
r-oldrel-windows-x86_64 1.2.4 15.00 140.00 155.00 OK

Check Details

Version: 1.2.4
Check: Rd cross-references
Result: NOTE Undeclared package ‘tibble’ in Rd xrefs Flavor: r-devel-linux-x86_64-fedora-clang