Last updated on 2025-04-18 21:50:12 CEST.
Flavor | Version | Tinstall | Tcheck | Ttotal | Status | Flags |
---|---|---|---|---|---|---|
r-devel-linux-x86_64-debian-clang | 2.1.3.1 | 202.48 | 133.18 | 335.66 | OK | |
r-devel-linux-x86_64-debian-gcc | 2.1.3.1 | 140.72 | 88.22 | 228.94 | OK | |
r-devel-linux-x86_64-fedora-clang | 2.1.3.1 | 657.22 | OK | |||
r-devel-linux-x86_64-fedora-gcc | 2.1.3.1 | 605.28 | OK | |||
r-devel-windows-x86_64 | 2.1.3.1 | 241.00 | 178.00 | 419.00 | OK | |
r-patched-linux-x86_64 | 2.1.3.1 | 203.01 | 115.60 | 318.61 | OK | |
r-release-linux-x86_64 | 2.1.3.1 | 195.86 | 114.90 | 310.76 | OK | |
r-release-macos-arm64 | 2.1.3.1 | 161.00 | OK | |||
r-release-macos-x86_64 | 2.1.3.1 | 198.00 | OK | |||
r-release-windows-x86_64 | 2.1.3.1 | 244.00 | 177.00 | 421.00 | OK | |
r-oldrel-macos-arm64 | 2.1.3.1 | 140.00 | NOTE | |||
r-oldrel-macos-x86_64 | 2.1.3.1 | 168.00 | NOTE | |||
r-oldrel-windows-x86_64 | 2.1.3.1 | 274.00 | 205.00 | 479.00 | OK |
Version: 2.1.3.1
Check: installed package size
Result: NOTE
installed size is 8.4Mb
sub-directories of 1Mb or more:
libs 7.6Mb
Flavors: r-oldrel-macos-arm64, r-oldrel-macos-x86_64