Last updated on 2023-12-11 18:53:47 CET.
Flavor | Version | Tinstall | Tcheck | Ttotal | Status | Flags |
---|---|---|---|---|---|---|
r-devel-linux-x86_64-debian-clang | 2.5.0 | 32.46 | 154.05 | 186.51 | NOTE | |
r-devel-linux-x86_64-debian-gcc | 2.5.0 | 30.65 | 111.97 | 142.62 | NOTE | |
r-devel-linux-x86_64-fedora-clang | 2.5.0 | 232.49 | NOTE | |||
r-devel-linux-x86_64-fedora-gcc | 2.5.0 | 240.61 | OK | |||
r-devel-windows-x86_64 | 2.5.0 | 39.00 | 155.00 | 194.00 | OK | |
r-patched-linux-x86_64 | 2.5.0 | 40.36 | 145.42 | 185.78 | OK | |
r-release-linux-x86_64 | 2.5.0 | 32.87 | 151.04 | 183.91 | OK | |
r-release-macos-arm64 | 2.5.0 | 67.00 | OK | |||
r-release-macos-x86_64 | 2.5.0 | 175.00 | OK | |||
r-release-windows-x86_64 | 2.5.0 | 35.00 | 183.00 | 218.00 | OK | |
r-oldrel-macos-arm64 | 2.5.0 | 73.00 | OK | |||
r-oldrel-macos-x86_64 | 2.5.0 | 84.00 | OK | |||
r-oldrel-windows-x86_64 | 2.5.0 | 48.00 | 155.00 | 203.00 | OK |
Version: 2.5.0
Check: Rd files
Result: NOTE
checkRd: (-1) RVineMatrix.Rd:90: Lost braces in \itemize; \value handles \item{}{} directly
checkRd: (-1) RVineMatrix.Rd:91: Lost braces in \itemize; \value handles \item{}{} directly
checkRd: (-1) RVineMatrix.Rd:92: Lost braces in \itemize; \value handles \item{}{} directly
Flavors: r-devel-linux-x86_64-debian-clang, r-devel-linux-x86_64-debian-gcc
Version: 2.5.0
Check: Rd cross-references
Result: NOTE
Undeclared packages ‘foreach’, ‘copula’ in Rd xrefs
Flavor: r-devel-linux-x86_64-fedora-clang