CRAN Package Check Results for Package VoxR

Last updated on 2023-12-10 18:52:29 CET.

Flavor Version Tinstall Tcheck Ttotal Status Flags
r-devel-linux-x86_64-debian-clang 1.0.0 3.13 105.11 108.24 NOTE
r-devel-linux-x86_64-debian-gcc 1.0.0 3.31 68.64 71.95 NOTE
r-devel-linux-x86_64-fedora-clang 1.0.0 117.90 NOTE
r-devel-linux-x86_64-fedora-gcc 1.0.0 108.17 NOTE
r-devel-windows-x86_64 1.0.0 7.00 81.00 88.00 NOTE
r-patched-linux-x86_64 1.0.0 3.37 86.91 90.28 NOTE
r-release-linux-x86_64 1.0.0 2.85 84.17 87.02 NOTE
r-release-macos-arm64 1.0.0 32.00 NOTE
r-release-macos-x86_64 1.0.0 53.00 NOTE
r-release-windows-x86_64 1.0.0 8.00 94.00 102.00 NOTE
r-oldrel-macos-arm64 1.0.0 28.00 NOTE
r-oldrel-macos-x86_64 1.0.0 42.00 NOTE
r-oldrel-windows-x86_64 1.0.0 8.00 90.00 98.00 NOTE

Check Details

Version: 1.0.0
Check: LazyData
Result: NOTE 'LazyData' is specified without a 'data' directory Flavors: r-devel-linux-x86_64-debian-clang, r-devel-linux-x86_64-debian-gcc, r-devel-linux-x86_64-fedora-clang, r-devel-linux-x86_64-fedora-gcc, r-devel-windows-x86_64, r-patched-linux-x86_64, r-release-linux-x86_64, r-release-macos-arm64, r-release-macos-x86_64, r-release-windows-x86_64, r-oldrel-macos-arm64, r-oldrel-macos-x86_64, r-oldrel-windows-x86_64