CRAN Package Check Results for Package WDI

Last updated on 2024-06-22 21:47:38 CEST.

Flavor Version Tinstall Tcheck Ttotal Status Flags
r-devel-linux-x86_64-debian-clang 2.7.8 3.28 26.32 29.60 OK
r-devel-linux-x86_64-debian-gcc 2.7.8 2.37 20.34 22.71 OK
r-devel-linux-x86_64-fedora-clang 2.7.8 36.41 NOTE
r-devel-linux-x86_64-fedora-gcc 2.7.8 34.33 NOTE
r-devel-windows-x86_64 2.7.8 4.00 42.00 46.00 OK
r-patched-linux-x86_64 2.7.8 2.90 24.51 27.41 OK
r-release-linux-x86_64 2.7.8 2.57 24.44 27.01 OK
r-release-macos-arm64 2.7.8 16.00 OK
r-release-macos-x86_64 2.7.8 25.00 OK
r-release-windows-x86_64 2.7.8 4.00 42.00 46.00 OK
r-oldrel-macos-arm64 2.7.8 15.00 OK
r-oldrel-macos-x86_64 2.7.8 21.00 OK
r-oldrel-windows-x86_64 2.7.8 3.00 44.00 47.00 OK

Check Details

Version: 2.7.8
Check: data for non-ASCII characters
Result: NOTE Note: found 1668 marked UTF-8 strings Flavors: r-devel-linux-x86_64-fedora-clang, r-devel-linux-x86_64-fedora-gcc