Last updated on 2023-11-28 18:49:37 CET.
Flavor | Version | Tinstall | Tcheck | Ttotal | Status | Flags |
---|---|---|---|---|---|---|
r-devel-linux-x86_64-debian-clang | 2020.1.31 | 1.97 | 34.14 | 36.11 | NOTE | |
r-devel-linux-x86_64-debian-gcc | 2020.1.31 | 1.33 | 26.30 | 27.63 | NOTE | |
r-devel-linux-x86_64-fedora-clang | 2020.1.31 | 45.91 | OK | |||
r-devel-linux-x86_64-fedora-gcc | 2020.1.31 | 55.51 | OK | |||
r-devel-windows-x86_64 | 2020.1.31 | 2.00 | 60.00 | 62.00 | OK | |
r-patched-linux-x86_64 | 2020.1.31 | 2.08 | 33.63 | 35.71 | OK | |
r-release-linux-x86_64 | 2020.1.31 | 1.78 | 33.75 | 35.53 | OK | |
r-release-macos-arm64 | 2020.1.31 | 26.00 | OK | |||
r-release-macos-x86_64 | 2020.1.31 | 38.00 | OK | |||
r-release-windows-x86_64 | 2020.1.31 | 2.00 | 58.00 | 60.00 | OK | |
r-oldrel-macos-arm64 | 2020.1.31 | 20.00 | OK | |||
r-oldrel-macos-x86_64 | 2020.1.31 | 32.00 | OK | |||
r-oldrel-windows-x86_64 | 2020.1.31 | 3.00 | 62.00 | 65.00 | OK |
Version: 2020.1.31
Check: Rd files
Result: NOTE
checkRd: (-1) WeightedROC.Rd:10: Lost braces; missing escapes or markup?
10 | integer/numeric with values all in {0=negative,1=positive} or
| ^
checkRd: (-1) WeightedROC.Rd:11: Lost braces; missing escapes or markup?
11 | {1=negative,2=positive} or {-1=negative,1=positive}.}
| ^
checkRd: (-1) WeightedROC.Rd:11: Lost braces; missing escapes or markup?
11 | {1=negative,2=positive} or {-1=negative,1=positive}.}
| ^
Flavors: r-devel-linux-x86_64-debian-clang, r-devel-linux-x86_64-debian-gcc