CRAN Package Check Results for Package WhatIf

Last updated on 2024-04-22 21:53:05 CEST.

Flavor Version Tinstall Tcheck Ttotal Status Flags
r-devel-linux-x86_64-debian-clang 1.5-10 2.40 29.69 32.09 NOTE
r-devel-linux-x86_64-debian-gcc 1.5-10 2.30 23.34 25.64 NOTE
r-devel-linux-x86_64-fedora-clang 1.5-10 42.31 NOTE
r-devel-linux-x86_64-fedora-gcc 1.5-10 51.73 NOTE
r-prerel-macos-arm64 1.5-10 21.00 NOTE
r-prerel-windows-x86_64 1.5-10 4.00 46.00 50.00 NOTE
r-patched-linux-x86_64 1.5-10 3.38 29.27 32.65 NOTE
r-release-linux-x86_64 1.5-10 2.46 29.40 31.86 NOTE
r-release-macos-arm64 1.5-10 22.00 NOTE
r-release-macos-x86_64 1.5-10 35.00 NOTE
r-release-windows-x86_64 1.5-10 4.00 47.00 51.00 NOTE
r-oldrel-macos-arm64 1.5-10 25.00 OK
r-oldrel-windows-x86_64 1.5-10 4.00 51.00 55.00 OK

Check Details

Version: 1.5-10
Check: package subdirectories
Result: NOTE Problems with news in ‘NEWS.md’: Cannot extract version info from the following section titles: Major changes Minor changes Flavors: r-devel-linux-x86_64-debian-clang, r-devel-linux-x86_64-debian-gcc, r-devel-linux-x86_64-fedora-clang, r-devel-linux-x86_64-fedora-gcc, r-prerel-macos-arm64, r-prerel-windows-x86_64, r-patched-linux-x86_64, r-release-linux-x86_64, r-release-macos-arm64, r-release-macos-x86_64, r-release-windows-x86_64