CRAN Package Check Results for Package aLFQ

Last updated on 2024-07-21 20:50:54 CEST.

Flavor Version Tinstall Tcheck Ttotal Status Flags
r-devel-linux-x86_64-debian-clang 1.3.6 19.18 151.94 171.12 NOTE
r-devel-linux-x86_64-debian-gcc 1.3.6 14.36 115.00 129.36 NOTE
r-devel-linux-x86_64-fedora-clang 1.3.6 213.47 NOTE
r-devel-linux-x86_64-fedora-gcc 1.3.6 196.92 NOTE
r-devel-windows-x86_64 1.3.6 16.00 122.00 138.00 NOTE
r-patched-linux-x86_64 1.3.6 12.06 145.95 158.01 NOTE
r-release-linux-x86_64 1.3.6 11.17 146.24 157.41 NOTE
r-release-macos-arm64 1.3.6 56.00 NOTE
r-release-macos-x86_64 1.3.6 90.00 NOTE
r-release-windows-x86_64 1.3.6 15.00 120.00 135.00 NOTE
r-oldrel-macos-arm64 1.3.6 63.00 NOTE
r-oldrel-macos-x86_64 1.3.6 101.00 NOTE
r-oldrel-windows-x86_64 1.3.6 20.00 150.00 170.00 NOTE

Check Details

Version: 1.3.6
Check: Rd files
Result: NOTE checkRd: (-1) ALF.Rd:47: Escaped LaTeX specials: \& checkRd: (-1) APEXMS.Rd:14: Lost braces in \enumerate; meant \describe ? checkRd: (-1) APEXMS.Rd:15: Lost braces in \enumerate; meant \describe ? Flavors: r-devel-linux-x86_64-debian-clang, r-devel-linux-x86_64-debian-gcc, r-devel-linux-x86_64-fedora-clang, r-devel-linux-x86_64-fedora-gcc, r-devel-windows-x86_64, r-patched-linux-x86_64, r-release-linux-x86_64, r-release-macos-arm64, r-release-macos-x86_64, r-release-windows-x86_64

Version: 1.3.6
Check: Rd files
Result: NOTE checkRd: (-1) ALF.Rd:47: Escaped LaTeX specials: \& Flavors: r-oldrel-macos-arm64, r-oldrel-macos-x86_64, r-oldrel-windows-x86_64