Last updated on 2023-11-28 18:49:10 CET.
Flavor | Version | Tinstall | Tcheck | Ttotal | Status | Flags |
---|---|---|---|---|---|---|
r-devel-linux-x86_64-debian-clang | 2.1.4 | 10.96 | 63.08 | 74.04 | OK | |
r-devel-linux-x86_64-debian-gcc | 2.1.4 | 9.33 | 47.28 | 56.61 | OK | |
r-devel-linux-x86_64-fedora-clang | 2.1.4 | 92.06 | NOTE | |||
r-devel-linux-x86_64-fedora-gcc | 2.1.4 | 88.92 | NOTE | |||
r-devel-windows-x86_64 | 2.1.4 | 10.00 | 70.00 | 80.00 | OK | |
r-patched-linux-x86_64 | 2.1.4 | 11.87 | 61.50 | 73.37 | OK | |
r-release-linux-x86_64 | 2.1.4 | 9.84 | 61.25 | 71.09 | OK | |
r-release-macos-arm64 | 2.1.4 | 33.00 | OK | |||
r-release-macos-x86_64 | 2.1.4 | 50.00 | OK | |||
r-release-windows-x86_64 | 2.1.4 | 15.00 | 81.00 | 96.00 | OK | |
r-oldrel-macos-arm64 | 2.1.4 | 28.00 | OK | |||
r-oldrel-macos-x86_64 | 2.1.4 | 37.00 | OK | |||
r-oldrel-windows-x86_64 | 2.1.4 | 15.00 | 83.00 | 98.00 | OK |
Version: 2.1.4
Check: top-level files
Result: NOTE
‘configure’: /bin/bash is not portable
Flavors: r-devel-linux-x86_64-fedora-clang, r-devel-linux-x86_64-fedora-gcc