Last updated on 2023-12-01 18:50:49 CET.
Flavor | Version | Tinstall | Tcheck | Ttotal | Status | Flags |
---|---|---|---|---|---|---|
r-devel-linux-x86_64-debian-clang | 2.0.1 | 28.11 | 407.74 | 435.85 | OK | |
r-devel-linux-x86_64-debian-gcc | 2.0.1 | 22.41 | 294.64 | 317.05 | OK | |
r-devel-linux-x86_64-fedora-clang | 2.0.1 | 522.25 | NOTE | |||
r-devel-linux-x86_64-fedora-gcc | 2.0.1 | 441.38 | OK | |||
r-devel-windows-x86_64 | 2.0.1 | 23.00 | 324.00 | 347.00 | OK | |
r-patched-linux-x86_64 | 2.0.1 | 17.95 | 392.09 | 410.04 | OK | |
r-release-linux-x86_64 | 2.0.1 | 18.86 | 396.53 | 415.39 | OK | |
r-release-macos-arm64 | 2.0.1 | 161.00 | OK | |||
r-release-macos-x86_64 | 2.0.1 | 306.00 | OK | |||
r-release-windows-x86_64 | 2.0.1 | 33.00 | 413.00 | 446.00 | OK | |
r-oldrel-macos-arm64 | 2.0.1 | 145.00 | OK | |||
r-oldrel-macos-x86_64 | 2.0.1 | 240.00 | OK | |||
r-oldrel-windows-x86_64 | 2.0.1 | 31.00 | 389.00 | 420.00 | OK |
Version: 2.0.1
Check: package dependencies
Result: NOTE
Imports includes 25 non-default packages.
Importing from so many packages makes the package vulnerable to any of
them becoming unavailable. Move as many as possible to Suggests and
use conditionally.
Flavor: r-devel-linux-x86_64-fedora-clang