Last updated on 2023-12-05 18:49:16 CET.
Flavor | Version | Tinstall | Tcheck | Ttotal | Status | Flags |
---|---|---|---|---|---|---|
r-devel-linux-x86_64-debian-clang | 0.1.3 | 11.06 | 114.70 | 125.76 | NOTE | |
r-devel-linux-x86_64-debian-gcc | 0.1.3 | 8.96 | 81.84 | 90.80 | NOTE | |
r-devel-linux-x86_64-fedora-clang | 0.1.3 | 154.01 | NOTE | |||
r-devel-linux-x86_64-fedora-gcc | 0.1.3 | 144.59 | NOTE | |||
r-devel-windows-x86_64 | 0.1.3 | 12.00 | 93.00 | 105.00 | NOTE | |
r-patched-linux-x86_64 | 0.1.3 | 7.45 | 106.96 | 114.41 | NOTE | |
r-release-linux-x86_64 | 0.1.3 | 7.57 | 106.98 | 114.55 | NOTE | |
r-release-macos-arm64 | 0.1.3 | 47.00 | NOTE | |||
r-release-macos-x86_64 | 0.1.3 | 79.00 | NOTE | |||
r-release-windows-x86_64 | 0.1.3 | 15.00 | 112.00 | 127.00 | NOTE | |
r-oldrel-macos-arm64 | 0.1.3 | 42.00 | NOTE | |||
r-oldrel-macos-x86_64 | 0.1.3 | 71.00 | NOTE | |||
r-oldrel-windows-x86_64 | 0.1.3 | 15.00 | 116.00 | 131.00 | NOTE |
Version: 0.1.3
Check: LazyData
Result: NOTE
'LazyData' is specified without a 'data' directory
Flavors: r-devel-linux-x86_64-debian-clang, r-devel-linux-x86_64-debian-gcc, r-devel-linux-x86_64-fedora-clang, r-devel-linux-x86_64-fedora-gcc, r-devel-windows-x86_64, r-patched-linux-x86_64, r-release-linux-x86_64, r-release-macos-arm64, r-release-macos-x86_64, r-release-windows-x86_64, r-oldrel-macos-arm64, r-oldrel-macos-x86_64, r-oldrel-windows-x86_64