Last updated on 2023-12-05 18:49:16 CET.
Flavor | Version | Tinstall | Tcheck | Ttotal | Status | Flags |
---|---|---|---|---|---|---|
r-devel-linux-x86_64-debian-clang | 0.1.3 | 29.47 | 311.78 | 341.25 | OK | |
r-devel-linux-x86_64-debian-gcc | 0.1.3 | 25.02 | 236.77 | 261.79 | OK | |
r-devel-linux-x86_64-fedora-clang | 0.1.3 | 429.14 | OK | |||
r-devel-linux-x86_64-fedora-gcc | 0.1.3 | 426.09 | OK | |||
r-devel-windows-x86_64 | 0.1.3 | 26.00 | 228.00 | 254.00 | OK | |
r-patched-linux-x86_64 | 0.1.3 | 18.22 | 300.62 | 318.84 | OK | |
r-release-linux-x86_64 | 0.1.3 | 19.61 | 301.57 | 321.18 | OK | |
r-release-macos-arm64 | 0.1.3 | 8.00 | ERROR | |||
r-release-macos-x86_64 | 0.1.3 | 12.00 | ERROR | |||
r-release-windows-x86_64 | 0.1.3 | 36.00 | 278.00 | 314.00 | OK | |
r-oldrel-macos-arm64 | 0.1.3 | 117.00 | OK | |||
r-oldrel-macos-x86_64 | 0.1.3 | 162.00 | OK | |||
r-oldrel-windows-x86_64 | 0.1.3 | 39.00 | 282.00 | 321.00 | OK |
Version: 0.1.3
Check: package dependencies
Result: ERROR
Package required but not available: ‘phyloseq’
See section ‘The DESCRIPTION file’ in the ‘Writing R Extensions’
manual.
Flavors: r-release-macos-arm64, r-release-macos-x86_64